CRAN Package Check Results for Package optiscale

Last updated on 2020-09-22 03:49:32 CEST.

Flavor Version Tinstall Tcheck Ttotal Status Flags
r-devel-linux-x86_64-debian-clang 1.2 2.28 22.65 24.93 OK
r-devel-linux-x86_64-debian-gcc 1.2 0.24 1.79 2.03 ERROR
r-devel-linux-x86_64-fedora-clang 1.2 40.70 OK
r-devel-linux-x86_64-fedora-gcc 1.2 30.22 OK
r-devel-windows-ix86+x86_64 1.2 5.00 33.00 38.00 OK
r-patched-linux-x86_64 1.2 2.33 22.76 25.09 OK
r-patched-solaris-x86 1.2 45.80 OK
r-release-linux-x86_64 1.2 2.34 23.00 25.34 OK
r-release-macos-x86_64 1.2 OK
r-release-windows-ix86+x86_64 1.2 5.00 33.00 38.00 OK
r-oldrel-macos-x86_64 1.2 OK
r-oldrel-windows-ix86+x86_64 1.2 4.00 40.00 44.00 OK

Check Details

Version: 1.2
Check: whether package can be installed
Result: ERROR
    Installation failed.
Flavor: r-devel-linux-x86_64-debian-gcc