Last updated on 2023-06-07 04:04:05 CEST.
Flavor | Version | Tinstall | Tcheck | Ttotal | Status | Flags |
---|---|---|---|---|---|---|
r-devel-linux-x86_64-debian-clang | 2.1.6 | 352.21 | 197.72 | 549.93 | OK | |
r-devel-linux-x86_64-debian-gcc | 2.1.6 | 307.99 | 143.56 | 451.55 | OK | |
r-devel-linux-x86_64-fedora-clang | 2.1.6 | 758.19 | OK | |||
r-devel-linux-x86_64-fedora-gcc | 2.1.6 | 837.52 | OK | |||
r-devel-windows-x86_64 | 2.1.6 | 269.00 | 196.00 | 465.00 | OK | |
r-patched-linux-x86_64 | 2.1.6 | 252.20 | 183.20 | 435.40 | OK | |
r-release-linux-x86_64 | 2.1.6 | 230.93 | 180.49 | 411.42 | OK | |
r-release-macos-arm64 | 2.1.6 | 191.00 | NOTE | |||
r-release-macos-x86_64 | 2.1.4 | 313.00 | NOTE | |||
r-release-windows-x86_64 | 2.1.6 | 367.00 | 241.00 | 608.00 | OK | |
r-oldrel-macos-arm64 | 2.1.6 | 179.00 | NOTE | |||
r-oldrel-macos-x86_64 | 2.1.6 | 217.00 | NOTE | |||
r-oldrel-windows-x86_64 | 2.1.6 | 350.00 | 210.00 | 560.00 | OK |
Version: 2.1.6
Check: installed package size
Result: NOTE
installed size is 19.8Mb
sub-directories of 1Mb or more:
libs 18.7Mb
Flavors: r-release-macos-arm64, r-oldrel-macos-arm64, r-oldrel-macos-x86_64
Version: 2.1.4
Check: installed package size
Result: NOTE
installed size is 18.6Mb
sub-directories of 1Mb or more:
libs 17.5Mb
Flavor: r-release-macos-x86_64