CRAN Package Check Results for Package nftbart

Last updated on 2023-10-02 16:05:15 CEST.

Flavor Version Tinstall Tcheck Ttotal Status Flags
r-devel-linux-x86_64-debian-clang 1.6 38.77 86.20 124.97 NOTE
r-devel-linux-x86_64-debian-gcc 1.6 32.28 66.00 98.28 NOTE
r-devel-linux-x86_64-fedora-clang 1.6 152.48 NOTE
r-devel-linux-x86_64-fedora-gcc 1.6 164.04 NOTE
r-devel-windows-x86_64 1.6 27.00 104.00 131.00 NOTE
r-patched-linux-x86_64 1.6 32.98 83.54 116.52 NOTE
r-release-linux-x86_64 1.6 39.85 85.33 125.18 NOTE
r-release-macos-arm64 1.6 45.00 NOTE
r-release-macos-x86_64 1.6 140.00 NOTE
r-release-windows-x86_64 1.6 36.00 123.00 159.00 NOTE
r-oldrel-macos-arm64 1.6 44.00 OK
r-oldrel-macos-x86_64 1.6 64.00 OK
r-oldrel-windows-x86_64 1.6 31.00 114.00 145.00 OK

Check Details

Version: 1.6
Check: C++ specification
Result: NOTE
     Specified C++14: please drop specification unless essential
Flavors: r-devel-linux-x86_64-debian-clang, r-devel-linux-x86_64-debian-gcc, r-devel-linux-x86_64-fedora-clang, r-devel-linux-x86_64-fedora-gcc, r-devel-windows-x86_64, r-patched-linux-x86_64, r-release-linux-x86_64, r-release-macos-arm64, r-release-macos-x86_64, r-release-windows-x86_64