CRAN Package Check Results for Package natstrat

Last updated on 2025-01-26 02:49:24 CET.

Flavor Version Tinstall Tcheck Ttotal Status Flags
r-devel-linux-x86_64-debian-clang 2.0.0 15.87 148.71 164.58 OK
r-devel-linux-x86_64-debian-gcc 2.0.0 9.93 112.51 122.44 OK
r-devel-linux-x86_64-fedora-clang 2.0.0 266.35 OK
r-devel-linux-x86_64-fedora-gcc 2.0.0 269.63 OK
r-devel-windows-x86_64 2.0.0 15.00 150.00 165.00 OK
r-patched-linux-x86_64 2.0.0 16.22 141.46 157.68 NOTE
r-release-linux-x86_64 2.0.0 13.53 143.21 156.74 NOTE
r-release-macos-arm64 2.0.0 103.00 NOTE
r-release-macos-x86_64 2.0.0 154.00 NOTE
r-release-windows-x86_64 2.0.0 15.00 149.00 164.00 NOTE
r-oldrel-macos-arm64 2.0.0 108.00 NOTE
r-oldrel-macos-x86_64 2.0.0 180.00 NOTE
r-oldrel-windows-x86_64 2.0.0 21.00 180.00 201.00 NOTE

Check Details

Version: 2.0.0
Check: package dependencies
Result: NOTE Package suggested but not available for checking: ‘gurobi’ Flavors: r-patched-linux-x86_64, r-release-linux-x86_64, r-release-macos-arm64, r-release-macos-x86_64, r-release-windows-x86_64, r-oldrel-macos-arm64, r-oldrel-macos-x86_64, r-oldrel-windows-x86_64