Last updated on 2023-09-25 04:00:49 CEST.
Flavor | Version | Tinstall | Tcheck | Ttotal | Status | Flags |
---|---|---|---|---|---|---|
r-devel-linux-x86_64-debian-clang | 3.0.0 | 9.59 | 110.78 | 120.37 | NOTE | |
r-devel-linux-x86_64-debian-gcc | 3.0.0 | 7.80 | 80.15 | 87.95 | NOTE | |
r-devel-linux-x86_64-fedora-clang | 3.0.0 | 144.51 | NOTE | |||
r-devel-linux-x86_64-fedora-gcc | 3.0.0 | 153.22 | NOTE | |||
r-devel-windows-x86_64 | 3.0.0 | 10.00 | 98.00 | 108.00 | NOTE | |
r-patched-linux-x86_64 | 3.0.0 | 10.00 | 102.77 | 112.77 | OK | |
r-release-linux-x86_64 | 3.0.0 | 7.14 | 104.34 | 111.48 | OK | |
r-release-macos-arm64 | 3.0.0 | 49.00 | OK | |||
r-release-macos-x86_64 | 3.0.0 | 78.00 | OK | |||
r-release-windows-x86_64 | 3.0.0 | 13.00 | 118.00 | 131.00 | OK | |
r-oldrel-macos-arm64 | 3.0.0 | 33.00 | OK | |||
r-oldrel-macos-x86_64 | 3.0.0 | 63.00 | OK | |||
r-oldrel-windows-x86_64 | 3.0.0 | 14.00 | 118.00 | 132.00 | OK |
Version: 3.0.0
Check: Rd \usage sections
Result: NOTE
Documented arguments not in \usage in documentation object 'diagPlot':
‘hvt.results.model’
Documented arguments not in \usage in documentation object 'getOptimalCentroids':
‘depth’
Functions with \usage entries need to have the appropriate \alias
entries, and all their arguments documented.
The \usage entries must correspond to syntactically valid R code.
See chapter ‘Writing R documentation files’ in the ‘Writing R
Extensions’ manual.
Flavors: r-devel-linux-x86_64-debian-clang, r-devel-linux-x86_64-debian-gcc, r-devel-linux-x86_64-fedora-clang, r-devel-linux-x86_64-fedora-gcc, r-devel-windows-x86_64