Last updated on 2023-09-22 04:01:17 CEST.
Flavor | Version | Tinstall | Tcheck | Ttotal | Status | Flags |
---|---|---|---|---|---|---|
r-devel-linux-x86_64-debian-clang | 4.2.4 | 63.42 | 574.37 | 637.79 | OK | |
r-devel-linux-x86_64-debian-gcc | 4.2.4 | 54.08 | 410.85 | 464.93 | OK | |
r-devel-linux-x86_64-fedora-clang | 4.2.4 | 802.06 | OK | |||
r-devel-linux-x86_64-fedora-gcc | 4.2.4 | 830.91 | OK | |||
r-devel-windows-x86_64 | 4.2.4 | 56.00 | 451.00 | 507.00 | OK | |
r-patched-linux-x86_64 | 4.2.4 | 71.79 | 524.50 | 596.29 | OK | |
r-release-linux-x86_64 | 4.2.4 | 67.97 | 552.31 | 620.28 | OK | |
r-release-macos-arm64 | 4.2.4 | 168.00 | NOTE | |||
r-release-macos-x86_64 | 4.2.4 | 463.00 | NOTE | |||
r-release-windows-x86_64 | 4.2.4 | 74.00 | 579.00 | 653.00 | OK | |
r-oldrel-macos-arm64 | 4.2.4 | 165.00 | NOTE | |||
r-oldrel-macos-x86_64 | 4.2.4 | 240.00 | OK | |||
r-oldrel-windows-x86_64 | 4.2.4 | 76.00 | 562.00 | 638.00 | OK |
Version: 4.2.4
Check: installed package size
Result: NOTE
installed size is 5.4Mb
sub-directories of 1Mb or more:
R 2.0Mb
Flavors: r-release-macos-arm64, r-release-macos-x86_64, r-oldrel-macos-arm64
Version: 4.2.4
Check: package dependencies
Result: NOTE
Packages suggested but not available for checking: 'ctmm', 'amt'
Flavor: r-release-macos-x86_64
Version: 4.2.4
Check: Rd cross-references
Result: NOTE
Packages unavailable to check Rd xrefs: ‘ctmm’, ‘amt’
Flavor: r-release-macos-x86_64