CRAN Package Check Results for Package modi

Last updated on 2024-07-12 15:52:53 CEST.

Flavor Version Tinstall Tcheck Ttotal Status Flags
r-devel-linux-x86_64-debian-clang 0.1.2 5.41 65.27 70.68 OK
r-devel-linux-x86_64-debian-gcc 0.1.2 3.27 46.65 49.92 OK
r-devel-linux-x86_64-fedora-clang 0.1.2 87.96 OK
r-devel-linux-x86_64-fedora-gcc 0.1.2 95.69 OK
r-devel-windows-x86_64 0.1.2 5.00 69.00 74.00 NOTE
r-patched-linux-x86_64 0.1.2 6.76 59.13 65.89 OK
r-release-linux-x86_64 0.1.2 5.24 61.01 66.25 OK
r-release-macos-arm64 0.1.2 32.00 OK
r-release-macos-x86_64 0.1.2 59.00 OK
r-release-windows-x86_64 0.1.2 6.00 69.00 75.00 OK
r-oldrel-macos-arm64 0.1.2 36.00 OK
r-oldrel-macos-x86_64 0.1.2 46.00 NOTE
r-oldrel-windows-x86_64 0.1.2 7.00 80.00 87.00 OK

Check Details

Version: 0.1.2
Check: Rd cross-references
Result: NOTE Found the following Rd file(s) with Rd \link{} targets missing package anchors: lival.Rd: survey Please provide package anchors for all Rd \link{} targets not in the package itself and the base packages. Flavor: r-devel-windows-x86_64

Version: 0.1.2
Check: package dependencies
Result: NOTE Package suggested but not available for checking: ‘survey’ Flavor: r-oldrel-macos-x86_64