CRAN Package Check Results for Package missMDA

Last updated on 2020-09-22 03:49:30 CEST.

Flavor Version Tinstall Tcheck Ttotal Status Flags
r-devel-linux-x86_64-debian-clang 1.17 11.32 71.17 82.49 OK
r-devel-linux-x86_64-debian-gcc 1.17 0.31 2.32 2.63 ERROR
r-devel-linux-x86_64-fedora-clang 1.17 113.83 OK
r-devel-linux-x86_64-fedora-gcc 1.17 100.44 OK
r-devel-windows-ix86+x86_64 1.17 23.00 80.00 103.00 OK
r-patched-linux-x86_64 1.17 7.01 68.91 75.92 OK
r-patched-solaris-x86 1.17 136.80 OK
r-release-linux-x86_64 1.17 10.38 69.69 80.07 OK
r-release-macos-x86_64 1.17 OK
r-release-windows-ix86+x86_64 1.17 22.00 77.00 99.00 OK
r-oldrel-macos-x86_64 1.17 OK
r-oldrel-windows-ix86+x86_64 1.17 13.00 93.00 106.00 OK

Check Details

Version: 1.17
Check: whether package can be installed
Result: ERROR
    Installation failed.
Flavor: r-devel-linux-x86_64-debian-gcc