Last updated on 2023-05-30 16:00:37 CEST.
Flavor | Version | Tinstall | Tcheck | Ttotal | Status | Flags |
---|---|---|---|---|---|---|
r-devel-linux-x86_64-debian-clang | 1.8.0 | 13.44 | 119.57 | 133.01 | NOTE | |
r-devel-linux-x86_64-debian-gcc | 1.8.0 | 12.40 | 89.68 | 102.08 | NOTE | |
r-devel-linux-x86_64-fedora-clang | 1.8.0 | 172.98 | NOTE | |||
r-devel-linux-x86_64-fedora-gcc | 1.8.0 | 168.60 | NOTE | |||
r-devel-windows-x86_64 | 1.8.0 | 17.00 | 100.00 | 117.00 | NOTE | |
r-patched-linux-x86_64 | 1.8.0 | 22.73 | 112.04 | 134.77 | NOTE | |
r-release-linux-x86_64 | 1.8.0 | 11.92 | 110.11 | 122.03 | NOTE | |
r-release-macos-arm64 | 1.8.0 | 50.00 | NOTE | |||
r-release-macos-x86_64 | 1.8.0 | 78.00 | NOTE | |||
r-release-windows-x86_64 | 1.8.0 | 18.00 | 119.00 | 137.00 | NOTE | |
r-oldrel-macos-arm64 | 1.8.0 | 45.00 | OK | |||
r-oldrel-macos-x86_64 | 1.8.0 | 77.00 | OK | |||
r-oldrel-windows-x86_64 | 1.8.0 | 19.00 | 125.00 | 144.00 | OK |
Version: 1.8.0
Check: Rd files
Result: NOTE
checkRd: (-1) IPDNa.Rd:42: Escaped LaTeX specials: \&
Flavors: r-devel-linux-x86_64-debian-clang, r-devel-linux-x86_64-debian-gcc, r-devel-linux-x86_64-fedora-clang, r-devel-linux-x86_64-fedora-gcc, r-devel-windows-x86_64, r-patched-linux-x86_64, r-release-linux-x86_64, r-release-macos-arm64, r-release-macos-x86_64, r-release-windows-x86_64
Version: 1.8.0
Check: package dependencies
Result: NOTE
Package suggested but not available for checking: ‘VIM’
Flavor: r-release-macos-x86_64
Version: 1.8.0
Check: Rd cross-references
Result: NOTE
Package unavailable to check Rd xrefs: ‘VIM’
Flavor: r-release-macos-x86_64