Last updated on 2023-06-06 04:00:46 CEST.
Flavor | Version | Tinstall | Tcheck | Ttotal | Status | Flags |
---|---|---|---|---|---|---|
r-devel-linux-x86_64-debian-clang | 0.99.31.6 | 42.47 | 190.06 | 232.53 | OK | |
r-devel-linux-x86_64-debian-gcc | 0.99.31.6 | 29.48 | 138.15 | 167.63 | OK | |
r-devel-linux-x86_64-fedora-clang | 0.99.31.6 | 285.76 | NOTE | |||
r-devel-linux-x86_64-fedora-gcc | 0.99.31.6 | 281.27 | OK | |||
r-devel-windows-x86_64 | 0.99.31.6 | 35.00 | 161.00 | 196.00 | NOTE | |
r-patched-linux-x86_64 | 0.99.31.6 | 37.95 | 177.83 | 215.78 | OK | |
r-release-linux-x86_64 | 0.99.31.6 | 32.65 | 178.53 | 211.18 | OK | |
r-release-macos-arm64 | 0.99.31.6 | 78.00 | NOTE | |||
r-release-macos-x86_64 | 0.99.31.6 | 141.00 | NOTE | |||
r-release-windows-x86_64 | 0.99.31.6 | 35.00 | 202.00 | 237.00 | NOTE | |
r-oldrel-macos-arm64 | 0.99.31.6 | 67.00 | NOTE | |||
r-oldrel-macos-x86_64 | 0.99.31.6 | 93.00 | NOTE | |||
r-oldrel-windows-x86_64 | 0.99.31.6 | 44.00 | 199.00 | 243.00 | NOTE |
Version: 0.99.31.6
Check: installed package size
Result: NOTE
installed size is 5.3Mb
sub-directories of 1Mb or more:
R 1.4Mb
doc 3.1Mb
Flavors: r-devel-linux-x86_64-fedora-clang, r-devel-windows-x86_64, r-release-macos-arm64, r-release-macos-x86_64, r-release-windows-x86_64, r-oldrel-macos-arm64, r-oldrel-macos-x86_64, r-oldrel-windows-x86_64