CRAN Package Check Results for Package lordif

Last updated on 2020-09-22 03:49:28 CEST.

Flavor Version Tinstall Tcheck Ttotal Status Flags
r-devel-linux-x86_64-debian-clang 0.3-3 15.96 119.30 135.26 OK
r-devel-linux-x86_64-debian-gcc 0.3-3 0.29 1.97 2.26 ERROR
r-devel-linux-x86_64-fedora-clang 0.3-3 176.07 OK
r-devel-linux-x86_64-fedora-gcc 0.3-3 173.88 OK
r-devel-windows-ix86+x86_64 0.3-3 37.00 126.00 163.00 OK
r-patched-linux-x86_64 0.3-3 10.15 114.39 124.54 OK
r-patched-solaris-x86 0.3-3 257.30 OK
r-release-linux-x86_64 0.3-3 10.12 114.38 124.50 OK
r-release-macos-x86_64 0.3-3 OK
r-release-windows-ix86+x86_64 0.3-3 35.00 115.00 150.00 OK
r-oldrel-macos-x86_64 0.3-3 OK
r-oldrel-windows-ix86+x86_64 0.3-3 21.00 156.00 177.00 OK

Check Details

Version: 0.3-3
Check: whether package can be installed
Result: ERROR
    Installation failed.
Flavor: r-devel-linux-x86_64-debian-gcc