Last updated on 2023-12-05 14:48:52 CET.
Flavor | Version | Tinstall | Tcheck | Ttotal | Status | Flags |
---|---|---|---|---|---|---|
r-devel-linux-x86_64-debian-clang | 0.2.4 | 15.74 | 131.97 | 147.71 | NOTE | |
r-devel-linux-x86_64-debian-gcc | 0.2.4 | 11.54 | 96.67 | 108.21 | NOTE | |
r-devel-linux-x86_64-fedora-clang | 0.2.4 | 185.01 | OK | |||
r-devel-linux-x86_64-fedora-gcc | 0.2.4 | 197.00 | OK | |||
r-devel-windows-x86_64 | 0.2.4 | 13.00 | 108.00 | 121.00 | OK | |
r-patched-linux-x86_64 | 0.2.4 | 9.80 | 124.71 | 134.51 | OK | |
r-release-linux-x86_64 | 0.2.4 | 9.85 | 124.60 | 134.45 | OK | |
r-release-macos-arm64 | 0.2.4 | 56.00 | OK | |||
r-release-macos-x86_64 | 0.2.4 | 84.00 | OK | |||
r-release-windows-x86_64 | 0.2.4 | 17.00 | 129.00 | 146.00 | OK | |
r-oldrel-macos-arm64 | 0.2.4 | 48.00 | OK | |||
r-oldrel-macos-x86_64 | 0.2.4 | 69.00 | OK | |||
r-oldrel-windows-x86_64 | 0.2.4 | 17.00 | 134.00 | 151.00 | OK |
Version: 0.2.4
Check: Rd files
Result: NOTE
checkRd: (-1) bootstrap_pvals.Rd:78: Lost braces; missing escapes or markup?
78 | $(n_{extreme} + 1) / (B + 1)$.
| ^
Flavors: r-devel-linux-x86_64-debian-clang, r-devel-linux-x86_64-debian-gcc