Last updated on 2023-03-21 14:50:16 CET.
Flavor | Version | Tinstall | Tcheck | Ttotal | Status | Flags |
---|---|---|---|---|---|---|
r-devel-linux-x86_64-debian-clang | 1.1-32 | 112.26 | 599.07 | 711.33 | OK | |
r-devel-linux-x86_64-debian-gcc | 1.1-32 | 89.67 | 449.18 | 538.85 | OK | |
r-devel-linux-x86_64-fedora-clang | 1.1-32 | 937.40 | NOTE | |||
r-devel-linux-x86_64-fedora-gcc | 1.1-32 | 898.63 | OK | |||
r-patched-linux-x86_64 | 1.1-32 | 105.62 | 561.04 | 666.66 | OK | |
r-release-linux-x86_64 | 1.1-32 | 88.84 | 570.70 | 659.54 | OK | |
r-release-macos-arm64 | 1.1-32 | 154.00 | NOTE | |||
r-release-macos-x86_64 | 1.1-32 | 316.00 | NOTE | |||
r-release-windows-x86_64 | 1.1-32 | 129.00 | 436.00 | 565.00 | NOTE | |
r-oldrel-macos-arm64 | 1.1-32 | 206.00 | NOTE | |||
r-oldrel-macos-x86_64 | 1.1-32 | 309.00 | NOTE | |||
r-oldrel-windows-ix86+x86_64 | 1.1-32 | 237.00 | 742.00 | 979.00 | NOTE |
Version: 1.1-32
Check: installed package size
Result: NOTE
installed size is 5.9Mb
sub-directories of 1Mb or more:
R 1.5Mb
doc 1.6Mb
testdata 1.3Mb
Flavors: r-devel-linux-x86_64-fedora-clang, r-release-macos-arm64, r-release-macos-x86_64, r-release-windows-x86_64, r-oldrel-macos-arm64, r-oldrel-macos-x86_64, r-oldrel-windows-ix86+x86_64