Last updated on 2023-09-22 04:01:15 CEST.
Flavor | Version | Tinstall | Tcheck | Ttotal | Status | Flags |
---|---|---|---|---|---|---|
r-devel-linux-x86_64-debian-clang | 0.0.8 | 17.99 | 54.54 | 72.53 | OK | |
r-devel-linux-x86_64-debian-gcc | 0.0.8 | 11.87 | 40.29 | 52.16 | OK | |
r-devel-linux-x86_64-fedora-clang | 0.0.8 | 91.12 | OK | |||
r-devel-linux-x86_64-fedora-gcc | 0.0.8 | 86.44 | OK | |||
r-devel-windows-x86_64 | 0.0.8 | 16.00 | 75.00 | 91.00 | NOTE | |
r-patched-linux-x86_64 | 0.0.8 | 15.23 | 51.50 | 66.73 | OK | |
r-release-linux-x86_64 | 0.0.8 | 12.74 | 51.09 | 63.83 | OK | |
r-release-macos-arm64 | 0.0.8 | 31.00 | OK | |||
r-release-macos-x86_64 | 0.0.8 | 50.00 | OK | |||
r-release-windows-x86_64 | 0.0.8 | 12.00 | 84.00 | 96.00 | NOTE | |
r-oldrel-macos-arm64 | 0.0.8 | 33.00 | OK | |||
r-oldrel-macos-x86_64 | 0.0.8 | 37.00 | OK | |||
r-oldrel-windows-x86_64 | 0.0.8 | 19.00 | 87.00 | 106.00 | NOTE |
Version: 0.0.8
Check: package dependencies
Result: NOTE
Package suggested but not available for checking: 'rsyslog'
Flavors: r-devel-windows-x86_64, r-release-windows-x86_64, r-oldrel-windows-x86_64