CRAN Package Check Results for Package lcda

Last updated on 2020-09-27 03:46:35 CEST.

Flavor Version Tinstall Tcheck Ttotal Status Flags
r-devel-linux-x86_64-debian-clang 0.3 2.72 39.61 42.33 NOTE
r-devel-linux-x86_64-debian-gcc 0.3 2.17 29.55 31.72 NOTE
r-devel-linux-x86_64-fedora-clang 0.3 57.75 NOTE
r-devel-linux-x86_64-fedora-gcc 0.3 47.51 NOTE
r-devel-windows-ix86+x86_64 0.3 6.00 53.00 59.00 NOTE
r-patched-linux-x86_64 0.3 2.68 38.64 41.32 NOTE
r-patched-solaris-x86 0.3 65.40 NOTE
r-release-linux-x86_64 0.3 2.68 37.54 40.22 NOTE
r-release-macos-x86_64 0.3 NOTE
r-release-windows-ix86+x86_64 0.3 5.00 58.00 63.00 NOTE
r-oldrel-macos-x86_64 0.3 NOTE
r-oldrel-windows-ix86+x86_64 0.3 5.00 51.00 56.00 NOTE

Check Details

Version: 0.3
Check: DESCRIPTION meta-information
Result: NOTE
    Malformed Description field: should contain one or more complete sentences.
Flavors: r-devel-linux-x86_64-debian-clang, r-devel-linux-x86_64-debian-gcc, r-devel-linux-x86_64-fedora-clang, r-devel-linux-x86_64-fedora-gcc, r-devel-windows-ix86+x86_64, r-patched-linux-x86_64, r-patched-solaris-x86, r-release-linux-x86_64, r-release-macos-x86_64, r-release-windows-ix86+x86_64, r-oldrel-macos-x86_64, r-oldrel-windows-ix86+x86_64

Version: 0.3
Check: R code for possible problems
Result: NOTE
    cclcda.default: no visible global function definition for 'as.formula'
    cclcda.default: no visible global function definition for 'chisq.test'
    cclcda.formula: no visible global function definition for 'model.frame'
    cclcda2.default: no visible global function definition for 'runif'
    cclcda2.default: no visible global function definition for 'chisq.test'
    cclcda2.formula: no visible global function definition for
     'model.frame'
    lcda.default: no visible global function definition for 'as.formula'
    lcda.formula: no visible global function definition for 'model.frame'
    Undefined global functions or variables:
     as.formula chisq.test model.frame runif
    Consider adding
     importFrom("stats", "as.formula", "chisq.test", "model.frame", "runif")
    to your NAMESPACE file.
Flavors: r-devel-linux-x86_64-debian-clang, r-devel-linux-x86_64-debian-gcc, r-devel-linux-x86_64-fedora-clang, r-devel-linux-x86_64-fedora-gcc, r-devel-windows-ix86+x86_64, r-patched-linux-x86_64, r-patched-solaris-x86, r-release-linux-x86_64, r-release-macos-x86_64, r-release-windows-ix86+x86_64, r-oldrel-macos-x86_64, r-oldrel-windows-ix86+x86_64