CRAN Package Check Results for Package lawstat

Last updated on 2021-01-21 02:47:58 CET.

Flavor Version Tinstall Tcheck Ttotal Status Flags
r-devel-linux-x86_64-debian-clang 3.4 5.54 51.27 56.81 OK
r-devel-linux-x86_64-debian-gcc 3.4 5.59 39.44 45.03 OK
r-devel-linux-x86_64-fedora-clang 3.4 76.83 NOTE
r-devel-linux-x86_64-fedora-gcc 3.4 67.76 OK
r-devel-windows-ix86+x86_64 3.4 7.00 60.00 67.00 OK
r-patched-linux-x86_64 3.4 6.27 48.19 54.46 OK
r-patched-solaris-x86 3.4 91.00 OK
r-release-linux-x86_64 3.4 6.93 49.52 56.45 OK
r-release-macos-x86_64 3.4 OK
r-release-windows-ix86+x86_64 3.4 8.00 70.00 78.00 OK
r-oldrel-macos-x86_64 3.4 OK
r-oldrel-windows-ix86+x86_64 3.4 6.00 50.00 56.00 OK

Check Details

Version: 3.4
Check: Rd cross-references
Result: NOTE
    Undeclared packages ‘VGAM’, ‘tseries’ in Rd xrefs
Flavor: r-devel-linux-x86_64-fedora-clang