CRAN Package Check Results for Package lava

Last updated on 2020-09-24 04:57:22 CEST.

Flavor Version Tinstall Tcheck Ttotal Status Flags
r-devel-linux-x86_64-debian-clang 1.6.7 41.86 252.50 294.36 ERROR
r-devel-linux-x86_64-debian-gcc 1.6.7 33.58 186.30 219.88 ERROR
r-devel-linux-x86_64-fedora-clang 1.6.7 344.07 ERROR
r-devel-linux-x86_64-fedora-gcc 1.6.7 342.34 ERROR
r-devel-windows-ix86+x86_64 1.6.7 62.00 342.00 404.00 OK
r-patched-linux-x86_64 1.6.7 41.42 234.57 275.99 ERROR
r-patched-solaris-x86 1.6.7 392.10 ERROR
r-release-linux-x86_64 1.6.7 37.86 233.61 271.47 ERROR
r-release-macos-x86_64 1.6.7 OK
r-release-windows-ix86+x86_64 1.6.7 56.00 359.00 415.00 OK
r-oldrel-macos-x86_64 1.6.7 OK
r-oldrel-windows-ix86+x86_64 1.6.7 39.00 325.00 364.00 OK

Check Details

Version: 1.6.7
Check: package dependencies
Result: NOTE
    Packages suggested but not available for checking:
     'gof', 'lava.tobit', 'mets'
Flavors: r-devel-linux-x86_64-debian-clang, r-devel-linux-x86_64-debian-gcc, r-devel-linux-x86_64-fedora-clang, r-devel-linux-x86_64-fedora-gcc, r-patched-linux-x86_64, r-patched-solaris-x86, r-release-linux-x86_64

Version: 1.6.7
Check: examples
Result: ERROR
    Running examples in 'lava-Ex.R' failed
    The error most likely occurred in:
    
    > base::assign(".ptime", proc.time(), pos = "CheckExEnv")
    > ### Name: complik
    > ### Title: Composite Likelihood for probit latent variable models
    > ### Aliases: complik
    > ### Keywords: models regression
    >
    > ### ** Examples
    >
    > m <- lvm(c(y1,y2,y3)~b*x+1*u[0],latent=~u)
    > ordinal(m,K=2) <- ~y1+y2+y3
    > d <- sim(m,50,seed=1)
    > e1 <- complik(m,d,control=list(trace=1),type="all")
    Error in normal_objective.lvm(x = list(M = c(0, 0, 1, 1, 0, 0, 1, 1, 0, :
     'mets' package required
    Calls: complik
    Execution halted
Flavors: r-devel-linux-x86_64-debian-clang, r-devel-linux-x86_64-debian-gcc, r-patched-linux-x86_64, r-release-linux-x86_64

Version: 1.6.7
Check: tests
Result: ERROR
     Running 'test-all.R' [38s/41s]
    Running the tests in 'tests/test-all.R' failed.
    Complete output:
     > #library("lava")
     > suppressPackageStartupMessages(library("testthat"))
     > test_check("lava")
     Loading required package: lava
    
     Attaching package: 'lava'
    
     The following object is masked from 'package:testthat':
    
     compare
    
     -- 1. Error: Probit constraints (@test-constrain.R#62) ------------------------
     non-character argument
     Backtrace:
     1. base::strsplit(sessionInfo()$otherPkgs$mets$Version, ".", fixed = TRUE)
    
     -- 2. Error: estimate.default (@test-estimate_default.R#7) --------------------
     there is no package called 'mets'
     Backtrace:
     1. mets::fast.reshape
     2. base::getExportedValue(pkg, name)
     3. base::asNamespace(ns)
     4. base::getNamespace(ns)
     5. base::loadNamespace(name)
     6. base::withRestarts(stop(cond), retry_loadNamespace = function() NULL)
     7. base:::withOneRestart(expr, restarts[[1L]])
     8. base:::doWithOneRestart(return(expr), restart)
    
     -- 3. Error: Association measures (@test-inference.R#82) ----------------------
     'mets' package required
     Backtrace:
     1. lava:::prob.normal(...)
    
     -- 4. Error: Prediction with missing data, random intercept (@test-inference.R#2
     there is no package called 'mets'
     Backtrace:
     1. mets::fast.reshape
     2. base::getExportedValue(pkg, name)
     3. base::asNamespace(ns)
     4. base::getNamespace(ns)
     5. base::loadNamespace(name)
     6. base::withRestarts(stop(cond), retry_loadNamespace = function() NULL)
     7. base:::withOneRestart(expr, restarts[[1L]])
     8. base:::doWithOneRestart(return(expr), restart)
    
     -- 5. Error: Random slope model (@test-inference.R#310) -----------------------
     there is no package called 'mets'
     Backtrace:
     1. mets::fast.reshape
     2. base::getExportedValue(pkg, name)
     3. base::asNamespace(ns)
     4. base::getNamespace(ns)
     5. base::loadNamespace(name)
     6. base::withRestarts(stop(cond), retry_loadNamespace = function() NULL)
     7. base:::withOneRestart(expr, restarts[[1L]])
     8. base:::doWithOneRestart(return(expr), restart)
    
     -- 6. Error: multinomial (@test-inference.R#431) ------------------------------
     'mets' package required
     Backtrace:
     1. base::system.time(rho <- pcor(d[, 5], d[, 6]))
     2. lava::pcor(d[, 5], d[, 6])
    
     -- 7. Error: Weighted (@test-inference.R#490) ---------------------------------
     'mets' package required
     Backtrace:
     1. lava::estimate(...)
     8. lava:::objective(.par, ...)
     10. lava:::normal_objective.lvm(...)
    
     == testthat results ===========================================================
     [ OK: 221 | SKIPPED: 4 | WARNINGS: 2 | FAILED: 7 ]
     1. Error: Probit constraints (@test-constrain.R#62)
     2. Error: estimate.default (@test-estimate_default.R#7)
     3. Error: Association measures (@test-inference.R#82)
     4. Error: Prediction with missing data, random intercept (@test-inference.R#280)
     5. Error: Random slope model (@test-inference.R#310)
     6. Error: multinomial (@test-inference.R#431)
     7. Error: Weighted (@test-inference.R#490)
    
     Error: testthat unit tests failed
     Execution halted
Flavor: r-devel-linux-x86_64-debian-clang

Version: 1.6.7
Check: tests
Result: ERROR
     Running ‘test-all.R’ [26s/40s]
    Running the tests in ‘tests/test-all.R’ failed.
    Complete output:
     > #library("lava")
     > suppressPackageStartupMessages(library("testthat"))
     > test_check("lava")
     Loading required package: lava
    
     Attaching package: 'lava'
    
     The following object is masked from 'package:testthat':
    
     compare
    
     ── 1. Error: Probit constraints (@test-constrain.R#62) ────────────────────────
     non-character argument
     Backtrace:
     1. base::strsplit(sessionInfo()$otherPkgs$mets$Version, ".", fixed = TRUE)
    
     ── 2. Error: estimate.default (@test-estimate_default.R#7) ────────────────────
     there is no package called 'mets'
     Backtrace:
     1. mets::fast.reshape
     2. base::getExportedValue(pkg, name)
     3. base::asNamespace(ns)
     4. base::getNamespace(ns)
     5. base::loadNamespace(name)
     6. base::withRestarts(stop(cond), retry_loadNamespace = function() NULL)
     7. base:::withOneRestart(expr, restarts[[1L]])
     8. base:::doWithOneRestart(return(expr), restart)
    
     ── 3. Error: Association measures (@test-inference.R#82) ──────────────────────
     'mets' package required
     Backtrace:
     1. lava:::prob.normal(...)
    
     ── 4. Error: Prediction with missing data, random intercept (@test-inference.R#2
     there is no package called 'mets'
     Backtrace:
     1. mets::fast.reshape
     2. base::getExportedValue(pkg, name)
     3. base::asNamespace(ns)
     4. base::getNamespace(ns)
     5. base::loadNamespace(name)
     6. base::withRestarts(stop(cond), retry_loadNamespace = function() NULL)
     7. base:::withOneRestart(expr, restarts[[1L]])
     8. base:::doWithOneRestart(return(expr), restart)
    
     ── 5. Error: Random slope model (@test-inference.R#310) ───────────────────────
     there is no package called 'mets'
     Backtrace:
     1. mets::fast.reshape
     2. base::getExportedValue(pkg, name)
     3. base::asNamespace(ns)
     4. base::getNamespace(ns)
     5. base::loadNamespace(name)
     6. base::withRestarts(stop(cond), retry_loadNamespace = function() NULL)
     7. base:::withOneRestart(expr, restarts[[1L]])
     8. base:::doWithOneRestart(return(expr), restart)
    
     ── 6. Error: multinomial (@test-inference.R#431) ──────────────────────────────
     'mets' package required
     Backtrace:
     1. base::system.time(rho <- pcor(d[, 5], d[, 6]))
     2. lava::pcor(d[, 5], d[, 6])
    
     ── 7. Error: Weighted (@test-inference.R#490) ─────────────────────────────────
     'mets' package required
     Backtrace:
     1. lava::estimate(...)
     8. lava:::objective(.par, ...)
     10. lava:::normal_objective.lvm(...)
    
     ══ testthat results ═══════════════════════════════════════════════════════════
     [ OK: 221 | SKIPPED: 4 | WARNINGS: 2 | FAILED: 7 ]
     1. Error: Probit constraints (@test-constrain.R#62)
     2. Error: estimate.default (@test-estimate_default.R#7)
     3. Error: Association measures (@test-inference.R#82)
     4. Error: Prediction with missing data, random intercept (@test-inference.R#280)
     5. Error: Random slope model (@test-inference.R#310)
     6. Error: multinomial (@test-inference.R#431)
     7. Error: Weighted (@test-inference.R#490)
    
     Error: testthat unit tests failed
     Execution halted
Flavor: r-devel-linux-x86_64-debian-gcc

Version: 1.6.7
Check: examples
Result: ERROR
    Running examples in ‘lava-Ex.R’ failed
    The error most likely occurred in:
    
    > ### Name: complik
    > ### Title: Composite Likelihood for probit latent variable models
    > ### Aliases: complik
    > ### Keywords: models regression
    >
    > ### ** Examples
    >
    > m <- lvm(c(y1,y2,y3)~b*x+1*u[0],latent=~u)
    > ordinal(m,K=2) <- ~y1+y2+y3
    > d <- sim(m,50,seed=1)
    > e1 <- complik(m,d,control=list(trace=1),type="all")
    Error in normal_objective.lvm(x = list(M = c(0, 0, 1, 1, 0, 0, 1, 1, 0, :
     'mets' package required
    Calls: complik
    Execution halted
Flavors: r-devel-linux-x86_64-fedora-clang, r-devel-linux-x86_64-fedora-gcc, r-patched-solaris-x86

Version: 1.6.7
Check: tests
Result: ERROR
     Running ‘test-all.R’ [40s/50s]
    Running the tests in ‘tests/test-all.R’ failed.
    Complete output:
     > #library("lava")
     > suppressPackageStartupMessages(library("testthat"))
     > test_check("lava")
     Loading required package: lava
    
     Attaching package: 'lava'
    
     The following object is masked from 'package:testthat':
    
     compare
    
     ── 1. Error: Probit constraints (@test-constrain.R#62) ────────────────────────
     non-character argument
     Backtrace:
     1. base::strsplit(sessionInfo()$otherPkgs$mets$Version, ".", fixed = TRUE)
    
     ── 2. Error: estimate.default (@test-estimate_default.R#7) ────────────────────
     there is no package called 'mets'
     Backtrace:
     1. mets::fast.reshape
     2. base::getExportedValue(pkg, name)
     3. base::asNamespace(ns)
     4. base::getNamespace(ns)
     5. base::loadNamespace(name)
     6. base::withRestarts(stop(cond), retry_loadNamespace = function() NULL)
     7. base:::withOneRestart(expr, restarts[[1L]])
     8. base:::doWithOneRestart(return(expr), restart)
    
     ── 3. Error: Association measures (@test-inference.R#82) ──────────────────────
     'mets' package required
     Backtrace:
     1. lava:::prob.normal(...)
    
     ── 4. Error: Prediction with missing data, random intercept (@test-inference.R#2
     there is no package called 'mets'
     Backtrace:
     1. mets::fast.reshape
     2. base::getExportedValue(pkg, name)
     3. base::asNamespace(ns)
     4. base::getNamespace(ns)
     5. base::loadNamespace(name)
     6. base::withRestarts(stop(cond), retry_loadNamespace = function() NULL)
     7. base:::withOneRestart(expr, restarts[[1L]])
     8. base:::doWithOneRestart(return(expr), restart)
    
     ── 5. Error: Random slope model (@test-inference.R#310) ───────────────────────
     there is no package called 'mets'
     Backtrace:
     1. mets::fast.reshape
     2. base::getExportedValue(pkg, name)
     3. base::asNamespace(ns)
     4. base::getNamespace(ns)
     5. base::loadNamespace(name)
     6. base::withRestarts(stop(cond), retry_loadNamespace = function() NULL)
     7. base:::withOneRestart(expr, restarts[[1L]])
     8. base:::doWithOneRestart(return(expr), restart)
    
     ── 6. Error: multinomial (@test-inference.R#431) ──────────────────────────────
     'mets' package required
     Backtrace:
     1. base::system.time(rho <- pcor(d[, 5], d[, 6]))
     2. lava::pcor(d[, 5], d[, 6])
    
     ── 7. Error: Weighted (@test-inference.R#490) ─────────────────────────────────
     'mets' package required
     Backtrace:
     1. lava::estimate(...)
     8. lava:::objective(.par, ...)
     10. lava:::normal_objective.lvm(...)
    
     ══ testthat results ═══════════════════════════════════════════════════════════
     [ OK: 221 | SKIPPED: 4 | WARNINGS: 2 | FAILED: 7 ]
     1. Error: Probit constraints (@test-constrain.R#62)
     2. Error: estimate.default (@test-estimate_default.R#7)
     3. Error: Association measures (@test-inference.R#82)
     4. Error: Prediction with missing data, random intercept (@test-inference.R#280)
     5. Error: Random slope model (@test-inference.R#310)
     6. Error: multinomial (@test-inference.R#431)
     7. Error: Weighted (@test-inference.R#490)
    
     Error: testthat unit tests failed
     Execution halted
Flavor: r-devel-linux-x86_64-fedora-clang

Version: 1.6.7
Check: tests
Result: ERROR
     Running ‘test-all.R’ [42s/52s]
    Running the tests in ‘tests/test-all.R’ failed.
    Complete output:
     > #library("lava")
     > suppressPackageStartupMessages(library("testthat"))
     > test_check("lava")
     Loading required package: lava
    
     Attaching package: 'lava'
    
     The following object is masked from 'package:testthat':
    
     compare
    
     ── 1. Error: Probit constraints (@test-constrain.R#62) ────────────────────────
     non-character argument
     Backtrace:
     1. base::strsplit(sessionInfo()$otherPkgs$mets$Version, ".", fixed = TRUE)
    
     ── 2. Error: estimate.default (@test-estimate_default.R#7) ────────────────────
     there is no package called 'mets'
     Backtrace:
     1. mets::fast.reshape
     2. base::getExportedValue(pkg, name)
     3. base::asNamespace(ns)
     4. base::getNamespace(ns)
     5. base::loadNamespace(name)
     6. base::withRestarts(stop(cond), retry_loadNamespace = function() NULL)
     7. base:::withOneRestart(expr, restarts[[1L]])
     8. base:::doWithOneRestart(return(expr), restart)
    
     ── 3. Error: Association measures (@test-inference.R#82) ──────────────────────
     'mets' package required
     Backtrace:
     1. lava:::prob.normal(...)
    
     ── 4. Error: Prediction with missing data, random intercept (@test-inference.R#2
     there is no package called 'mets'
     Backtrace:
     1. mets::fast.reshape
     2. base::getExportedValue(pkg, name)
     3. base::asNamespace(ns)
     4. base::getNamespace(ns)
     5. base::loadNamespace(name)
     6. base::withRestarts(stop(cond), retry_loadNamespace = function() NULL)
     7. base:::withOneRestart(expr, restarts[[1L]])
     8. base:::doWithOneRestart(return(expr), restart)
    
     ── 5. Error: Random slope model (@test-inference.R#310) ───────────────────────
     there is no package called 'mets'
     Backtrace:
     1. mets::fast.reshape
     2. base::getExportedValue(pkg, name)
     3. base::asNamespace(ns)
     4. base::getNamespace(ns)
     5. base::loadNamespace(name)
     6. base::withRestarts(stop(cond), retry_loadNamespace = function() NULL)
     7. base:::withOneRestart(expr, restarts[[1L]])
     8. base:::doWithOneRestart(return(expr), restart)
    
     ── 6. Error: multinomial (@test-inference.R#431) ──────────────────────────────
     'mets' package required
     Backtrace:
     1. base::system.time(rho <- pcor(d[, 5], d[, 6]))
     2. lava::pcor(d[, 5], d[, 6])
    
     ── 7. Error: Weighted (@test-inference.R#490) ─────────────────────────────────
     'mets' package required
     Backtrace:
     1. lava::estimate(...)
     8. lava:::objective(.par, ...)
     10. lava:::normal_objective.lvm(...)
    
     ══ testthat results ═══════════════════════════════════════════════════════════
     [ OK: 221 | SKIPPED: 4 | WARNINGS: 2 | FAILED: 7 ]
     1. Error: Probit constraints (@test-constrain.R#62)
     2. Error: estimate.default (@test-estimate_default.R#7)
     3. Error: Association measures (@test-inference.R#82)
     4. Error: Prediction with missing data, random intercept (@test-inference.R#280)
     5. Error: Random slope model (@test-inference.R#310)
     6. Error: multinomial (@test-inference.R#431)
     7. Error: Weighted (@test-inference.R#490)
    
     Error: testthat unit tests failed
     Execution halted
Flavor: r-devel-linux-x86_64-fedora-gcc

Version: 1.6.7
Check: tests
Result: ERROR
     Running ‘test-all.R’ [35s/38s]
    Running the tests in ‘tests/test-all.R’ failed.
    Complete output:
     > #library("lava")
     > suppressPackageStartupMessages(library("testthat"))
     > test_check("lava")
     Loading required package: lava
    
     Attaching package: 'lava'
    
     The following object is masked from 'package:testthat':
    
     compare
    
     ── 1. Error: Probit constraints (@test-constrain.R#62) ────────────────────────
     non-character argument
     Backtrace:
     1. base::strsplit(sessionInfo()$otherPkgs$mets$Version, ".", fixed = TRUE)
    
     ── 2. Error: estimate.default (@test-estimate_default.R#7) ────────────────────
     there is no package called 'mets'
     Backtrace:
     1. mets::fast.reshape
     2. base::getExportedValue(pkg, name)
     3. base::asNamespace(ns)
     4. base::getNamespace(ns)
     5. base::loadNamespace(name)
     6. base::withRestarts(stop(cond), retry_loadNamespace = function() NULL)
     7. base:::withOneRestart(expr, restarts[[1L]])
     8. base:::doWithOneRestart(return(expr), restart)
    
     ── 3. Error: Association measures (@test-inference.R#82) ──────────────────────
     'mets' package required
     Backtrace:
     1. lava:::prob.normal(...)
    
     ── 4. Error: Prediction with missing data, random intercept (@test-inference.R#2
     there is no package called 'mets'
     Backtrace:
     1. mets::fast.reshape
     2. base::getExportedValue(pkg, name)
     3. base::asNamespace(ns)
     4. base::getNamespace(ns)
     5. base::loadNamespace(name)
     6. base::withRestarts(stop(cond), retry_loadNamespace = function() NULL)
     7. base:::withOneRestart(expr, restarts[[1L]])
     8. base:::doWithOneRestart(return(expr), restart)
    
     ── 5. Error: Random slope model (@test-inference.R#310) ───────────────────────
     there is no package called 'mets'
     Backtrace:
     1. mets::fast.reshape
     2. base::getExportedValue(pkg, name)
     3. base::asNamespace(ns)
     4. base::getNamespace(ns)
     5. base::loadNamespace(name)
     6. base::withRestarts(stop(cond), retry_loadNamespace = function() NULL)
     7. base:::withOneRestart(expr, restarts[[1L]])
     8. base:::doWithOneRestart(return(expr), restart)
    
     ── 6. Error: multinomial (@test-inference.R#431) ──────────────────────────────
     'mets' package required
     Backtrace:
     1. base::system.time(rho <- pcor(d[, 5], d[, 6]))
     2. lava::pcor(d[, 5], d[, 6])
    
     ── 7. Error: Weighted (@test-inference.R#490) ─────────────────────────────────
     'mets' package required
     Backtrace:
     1. lava::estimate(...)
     8. lava:::objective(.par, ...)
     10. lava:::normal_objective.lvm(...)
    
     ══ testthat results ═══════════════════════════════════════════════════════════
     [ OK: 221 | SKIPPED: 4 | WARNINGS: 2 | FAILED: 7 ]
     1. Error: Probit constraints (@test-constrain.R#62)
     2. Error: estimate.default (@test-estimate_default.R#7)
     3. Error: Association measures (@test-inference.R#82)
     4. Error: Prediction with missing data, random intercept (@test-inference.R#280)
     5. Error: Random slope model (@test-inference.R#310)
     6. Error: multinomial (@test-inference.R#431)
     7. Error: Weighted (@test-inference.R#490)
    
     Error: testthat unit tests failed
     Execution halted
Flavors: r-patched-linux-x86_64, r-release-linux-x86_64

Version: 1.6.7
Check: tests
Result: ERROR
     Running ‘test-all.R’ [51s/64s]
    Running the tests in ‘tests/test-all.R’ failed.
    Complete output:
     > #library("lava")
     > suppressPackageStartupMessages(library("testthat"))
     > test_check("lava")
     Loading required package: lava
    
     Attaching package: 'lava'
    
     The following object is masked from 'package:testthat':
    
     compare
    
     ── 1. Error: Probit constraints (@test-constrain.R#62) ────────────────────────
     non-character argument
     Backtrace:
     1. base::strsplit(sessionInfo()$otherPkgs$mets$Version, ".", fixed = TRUE)
    
     ── 2. Error: estimate.default (@test-estimate_default.R#7) ────────────────────
     there is no package called 'mets'
     Backtrace:
     1. mets::fast.reshape
     2. base::getExportedValue(pkg, name)
     3. base::asNamespace(ns)
     4. base::getNamespace(ns)
     5. base::loadNamespace(name)
     6. base::withRestarts(stop(cond), retry_loadNamespace = function() NULL)
     7. base:::withOneRestart(expr, restarts[[1L]])
     8. base:::doWithOneRestart(return(expr), restart)
    
     ── 3. Error: Association measures (@test-inference.R#82) ──────────────────────
     'mets' package required
     Backtrace:
     1. lava:::prob.normal(...)
    
     ── 4. Error: Prediction with missing data, random intercept (@test-inference.R#2
     there is no package called 'mets'
     Backtrace:
     1. mets::fast.reshape
     2. base::getExportedValue(pkg, name)
     3. base::asNamespace(ns)
     4. base::getNamespace(ns)
     5. base::loadNamespace(name)
     6. base::withRestarts(stop(cond), retry_loadNamespace = function() NULL)
     7. base:::withOneRestart(expr, restarts[[1L]])
     8. base:::doWithOneRestart(return(expr), restart)
    
     ── 5. Error: Random slope model (@test-inference.R#310) ───────────────────────
     there is no package called 'mets'
     Backtrace:
     1. mets::fast.reshape
     2. base::getExportedValue(pkg, name)
     3. base::asNamespace(ns)
     4. base::getNamespace(ns)
     5. base::loadNamespace(name)
     6. base::withRestarts(stop(cond), retry_loadNamespace = function() NULL)
     7. base:::withOneRestart(expr, restarts[[1L]])
     8. base:::doWithOneRestart(return(expr), restart)
    
     ── 6. Error: multinomial (@test-inference.R#431) ──────────────────────────────
     'mets' package required
     Backtrace:
     1. base::system.time(rho <- pcor(d[, 5], d[, 6]))
     2. lava::pcor(d[, 5], d[, 6])
    
     ── 7. Error: Weighted (@test-inference.R#490) ─────────────────────────────────
     'mets' package required
     Backtrace:
     1. lava::estimate(...)
     8. lava:::objective(.par, ...)
     10. lava:::normal_objective.lvm(...)
    
     ══ testthat results ═══════════════════════════════════════════════════════════
     [ OK: 221 | SKIPPED: 4 | WARNINGS: 2 | FAILED: 7 ]
     1. Error: Probit constraints (@test-constrain.R#62)
     2. Error: estimate.default (@test-estimate_default.R#7)
     3. Error: Association measures (@test-inference.R#82)
     4. Error: Prediction with missing data, random intercept (@test-inference.R#280)
     5. Error: Random slope model (@test-inference.R#310)
     6. Error: multinomial (@test-inference.R#431)
     7. Error: Weighted (@test-inference.R#490)
    
     Error: testthat unit tests failed
     Execution halted
Flavor: r-patched-solaris-x86