CRAN Package Check Results for Package latticeExtra

Last updated on 2021-02-25 02:48:39 CET.

Flavor Version Tinstall Tcheck Ttotal Status Flags
r-devel-linux-x86_64-debian-clang 0.6-29 6.32 86.84 93.16 OK
r-devel-linux-x86_64-debian-gcc 0.6-29 5.63 63.54 69.17 OK
r-devel-linux-x86_64-fedora-clang 0.6-29 125.71 NOTE
r-devel-linux-x86_64-fedora-gcc 0.6-29 112.50 OK
r-devel-windows-ix86+x86_64 0.6-29 11.00 83.00 94.00 OK
r-patched-linux-x86_64 0.6-29 7.34 78.23 85.57 OK
r-patched-solaris-x86 0.6-29 146.80 OK
r-release-linux-x86_64 0.6-29 6.65 79.24 85.89 OK
r-release-macos-x86_64 0.6-29 OK
r-oldrel-macos-x86_64 0.6-29 OK
r-oldrel-windows-ix86+x86_64 0.6-29 10.00 109.00 119.00 OK

Check Details

Version: 0.6-29
Check: Rd cross-references
Result: NOTE
    Undeclared package ‘ggplot2’ in Rd xrefs
Flavor: r-devel-linux-x86_64-fedora-clang