CRAN Package Check Results for Package ivdoctr

Last updated on 2020-10-22 03:47:07 CEST.

Flavor Version Tinstall Tcheck Ttotal Status Flags
r-devel-linux-x86_64-debian-clang 1.0.0 42.28 121.95 164.23 OK
r-devel-linux-x86_64-debian-gcc 1.0.0 34.06 91.65 125.71 OK
r-devel-linux-x86_64-fedora-clang 1.0.0 207.75 NOTE
r-devel-linux-x86_64-fedora-gcc 1.0.0 204.55 NOTE
r-devel-windows-ix86+x86_64 1.0.0 89.00 218.00 307.00 OK
r-patched-linux-x86_64 1.0.0 36.15 112.16 148.31 OK
r-patched-solaris-x86 1.0.0 245.00 NOTE
r-release-linux-x86_64 1.0.0 37.39 112.36 149.75 OK
r-release-macos-x86_64 1.0.0 NOTE
r-release-windows-ix86+x86_64 1.0.0 86.00 173.00 259.00 OK
r-oldrel-macos-x86_64 1.0.0 WARN
r-oldrel-windows-ix86+x86_64 1.0.0 83.00 200.00 283.00 OK

Check Details

Version: 1.0.0
Check: dependencies in R code
Result: NOTE
    Namespace in Imports field not imported from: ‘Rcpp’
     All declared Imports should be used.
Flavors: r-devel-linux-x86_64-fedora-clang, r-devel-linux-x86_64-fedora-gcc, r-patched-solaris-x86, r-release-macos-x86_64, r-oldrel-macos-x86_64

Version: 1.0.0
Check: data for non-ASCII characters
Result: NOTE
     Note: found 58 marked UTF-8 strings
Flavors: r-devel-linux-x86_64-fedora-clang, r-devel-linux-x86_64-fedora-gcc, r-patched-solaris-x86, r-release-macos-x86_64, r-oldrel-macos-x86_64

Version: 1.0.0
Check: whether package can be installed
Result: WARN
    Found the following significant warnings:
     Warning: 'rgl.init' failed, running with 'rgl.useNULL = TRUE'.
Flavor: r-oldrel-macos-x86_64