CRAN Package Check Results for Package influence.SEM

Last updated on 2020-09-22 03:49:26 CEST.

Flavor Version Tinstall Tcheck Ttotal Status Flags
r-devel-linux-x86_64-debian-clang 2.2 3.96 33.05 37.01 OK
r-devel-linux-x86_64-debian-gcc 2.2 0.31 1.89 2.20 ERROR
r-devel-linux-x86_64-fedora-clang 2.2 56.57 OK
r-devel-linux-x86_64-fedora-gcc 2.2 46.70 OK
r-devel-windows-ix86+x86_64 2.2 10.00 45.00 55.00 OK
r-patched-linux-x86_64 2.2 3.93 33.63 37.56 OK
r-patched-solaris-x86 2.2 71.80 OK
r-release-linux-x86_64 2.2 3.78 33.89 37.67 OK
r-release-macos-x86_64 2.2 OK
r-release-windows-ix86+x86_64 2.2 7.00 42.00 49.00 OK
r-oldrel-macos-x86_64 2.2 OK
r-oldrel-windows-ix86+x86_64 2.2 7.00 51.00 58.00 OK

Check Details

Version: 2.2
Check: whether package can be installed
Result: ERROR
    Installation failed.
Flavor: r-devel-linux-x86_64-debian-gcc