CRAN Package Check Results for Package imputeTS

Last updated on 2020-10-25 02:48:11 CET.

Flavor Version Tinstall Tcheck Ttotal Status Flags
r-devel-linux-x86_64-debian-clang 3.1 38.12 174.64 212.76 OK
r-devel-linux-x86_64-debian-gcc 3.1 25.66 123.44 149.10 OK
r-devel-linux-x86_64-fedora-clang 3.1 267.05 NOTE
r-devel-linux-x86_64-fedora-gcc 3.1 264.20 NOTE
r-devel-windows-ix86+x86_64 3.1 82.00 356.00 438.00 NOTE
r-patched-linux-x86_64 3.1 32.01 163.72 195.73 OK
r-patched-solaris-x86 3.1 337.90 NOTE
r-release-linux-x86_64 3.1 32.93 164.75 197.68 OK
r-release-macos-x86_64 3.1 NOTE
r-release-windows-ix86+x86_64 3.1 64.00 271.00 335.00 NOTE
r-oldrel-macos-x86_64 3.1 NOTE
r-oldrel-windows-ix86+x86_64 3.1 75.00 341.00 416.00 OK

Check Details

Version: 3.1
Check: dependencies in R code
Result: NOTE
    Namespace in Imports field not imported from: ‘utils’
     All declared Imports should be used.
Flavors: r-devel-linux-x86_64-fedora-clang, r-devel-linux-x86_64-fedora-gcc, r-patched-solaris-x86, r-release-macos-x86_64, r-oldrel-macos-x86_64

Version: 3.1
Check: installed package size
Result: NOTE
     installed size is 5.5Mb
     sub-directories of 1Mb or more:
     data 1.3Mb
     doc 1.1Mb
     libs 2.1Mb
Flavors: r-devel-windows-ix86+x86_64, r-release-windows-ix86+x86_64