CRAN Package Check Results for Package icosa

Last updated on 2021-04-21 03:49:02 CEST.

Flavor Version Tinstall Tcheck Ttotal Status Flags
r-devel-linux-x86_64-debian-clang 0.10.1 50.98 247.24 298.22 OK
r-devel-linux-x86_64-debian-gcc 0.10.1 35.12 182.04 217.16 OK
r-devel-linux-x86_64-fedora-clang 0.10.1 375.08 OK
r-devel-linux-x86_64-fedora-gcc 0.10.1 364.45 OK
r-devel-windows-ix86+x86_64 0.10.1 120.00 115.00 235.00 OK --no-vignettes
r-devel-windows-x86_64-gcc10-UCRT 0.10.1 WARN
r-patched-linux-x86_64 0.10.1 44.77 233.56 278.33 WARN
r-patched-solaris-x86 0.10.1 300.90 OK
r-release-linux-x86_64 0.10.1 40.09 237.95 278.04 OK
r-release-macos-x86_64 0.10.1 OK
r-release-windows-ix86+x86_64 0.10.1 120.00 172.00 292.00 OK --no-vignettes
r-oldrel-macos-x86_64 0.10.1 WARN
r-oldrel-windows-ix86+x86_64 0.10.1 95.00 157.00 252.00 OK --no-vignettes

Additional issues

M1mac

Check Details

Version: 0.10.1
Check: package dependencies
Result: NOTE
    Package suggested but not available for checking: 'rgl'
Flavor: r-devel-windows-x86_64-gcc10-UCRT

Version: 0.10.1
Check: Rd cross-references
Result: NOTE
    Package unavailable to check Rd xrefs: 'rgl'
Flavor: r-devel-windows-x86_64-gcc10-UCRT

Version: 0.10.1
Check: re-building of vignette outputs
Result: WARN
    Error(s) in re-building vignettes:
     ...
    --- re-building 'icosa.Rmd' using rmarkdown
    Quitting from lines 13-20 (icosa.Rmd)
    Error: processing vignette 'icosa.Rmd' failed with diagnostics:
    there is no package called 'rgl'
    --- failed re-building 'icosa.Rmd'
    
    SUMMARY: processing the following file failed:
     'icosa.Rmd'
    
    Error: Vignette re-building failed.
    Execution halted
Flavor: r-devel-windows-x86_64-gcc10-UCRT

Version: 0.10.1
Check: whether package can be installed
Result: WARN
    Found the following significant warnings:
     Rd warning: /tmp/RtmpGmLh6f/R.INSTALL64ca5b11e131/icosa/man/heatMapLegend.Rd:54: file link ‘plot’ in package ‘graphics’ does not exist and so has been treated as a topic
     Rd warning: /tmp/RtmpGmLh6f/R.INSTALL64ca5b11e131/icosa/man/heatMapLegend.Rd:48: file link ‘plot’ in package ‘graphics’ does not exist and so has been treated as a topic
Flavor: r-patched-linux-x86_64

Version: 0.10.1
Check: whether package can be installed
Result: WARN
    Found the following significant warnings:
     Warning: 'rgl.init' failed, running with 'rgl.useNULL = TRUE'.
Flavor: r-oldrel-macos-x86_64