Last updated on 2023-09-20 15:49:39 CEST.
Flavor | Version | Tinstall | Tcheck | Ttotal | Status | Flags |
---|---|---|---|---|---|---|
r-devel-linux-x86_64-debian-clang | 3.1.3 | 86.95 | 419.85 | 506.80 | OK | |
r-devel-linux-x86_64-debian-gcc | 3.1.3 | 64.16 | 299.40 | 363.56 | OK | |
r-devel-linux-x86_64-fedora-clang | 3.1.3 | 592.23 | NOTE | |||
r-devel-linux-x86_64-fedora-gcc | 3.1.3 | 587.53 | NOTE | |||
r-devel-windows-x86_64 | 3.1.3 | 67.00 | 304.00 | 371.00 | OK | |
r-patched-linux-x86_64 | 3.1.3 | 86.15 | 394.81 | 480.96 | OK | |
r-release-linux-x86_64 | 3.1.3 | 59.10 | 399.32 | 458.42 | OK | |
r-release-macos-arm64 | 3.1.3 | 187.00 | NOTE | |||
r-release-macos-x86_64 | 3.1.3 | 304.00 | NOTE | |||
r-release-windows-x86_64 | 3.1.3 | 91.00 | 391.00 | 482.00 | OK | |
r-oldrel-macos-arm64 | 3.1.3 | 137.00 | NOTE | |||
r-oldrel-macos-x86_64 | 3.1.3 | 199.00 | NOTE | |||
r-oldrel-windows-x86_64 | 3.1.3 | 86.00 | 390.00 | 476.00 | OK |
Version: 3.1.3
Check: package dependencies
Result: NOTE
Imports includes 22 non-default packages.
Importing from so many packages makes the package vulnerable to any of
them becoming unavailable. Move as many as possible to Suggests and
use conditionally.
Flavor: r-devel-linux-x86_64-fedora-clang
Version: 3.1.3
Check: dependencies in R code
Result: NOTE
Namespace in Imports field not imported from: ‘raster’
All declared Imports should be used.
Flavors: r-devel-linux-x86_64-fedora-clang, r-devel-linux-x86_64-fedora-gcc
Version: 3.1.3
Check: installed package size
Result: NOTE
installed size is 5.8Mb
sub-directories of 1Mb or more:
doc 2.8Mb
libs 1.8Mb
Flavors: r-release-macos-arm64, r-release-macos-x86_64, r-oldrel-macos-arm64, r-oldrel-macos-x86_64