Last updated on 2021-04-21 03:49:02 CEST.
Flavor | Version | Tinstall | Tcheck | Ttotal | Status | Flags |
---|---|---|---|---|---|---|
r-devel-linux-x86_64-debian-clang | 2.0.12 | 59.96 | 179.61 | 239.57 | OK | |
r-devel-linux-x86_64-debian-gcc | 2.0.12 | 43.00 | 134.63 | 177.63 | OK | |
r-devel-linux-x86_64-fedora-clang | 2.0.12 | 304.03 | OK | |||
r-devel-linux-x86_64-fedora-gcc | 2.0.12 | 299.06 | OK | |||
r-devel-windows-ix86+x86_64 | 2.0.12 | 106.00 | 231.00 | 337.00 | OK | |
r-devel-windows-x86_64-gcc10-UCRT | 2.0.12 | ERROR | ||||
r-patched-linux-x86_64 | 2.0.12 | 45.91 | 162.97 | 208.88 | OK | |
r-patched-solaris-x86 | 2.0.12 | 384.60 | OK | |||
r-release-linux-x86_64 | 2.0.12 | 49.09 | 164.36 | 213.45 | OK | |
r-release-macos-x86_64 | 2.0.12 | OK | ||||
r-release-windows-ix86+x86_64 | 2.0.12 | 136.00 | 313.00 | 449.00 | OK | |
r-oldrel-macos-x86_64 | 2.0.12 | WARN | ||||
r-oldrel-windows-ix86+x86_64 | 2.0.12 | 126.00 | 296.00 | 422.00 | OK |
Version: 2.0.12
Check: package dependencies
Result: ERROR
Package required but not available: 'rgl'
See section 'The DESCRIPTION file' in the 'Writing R Extensions'
manual.
Flavor: r-devel-windows-x86_64-gcc10-UCRT
Version: 2.0.12
Check: whether package can be installed
Result: WARN
Found the following significant warnings:
Warning: 'rgl_init' failed, running with rgl.useNULL = TRUE
Flavor: r-oldrel-macos-x86_64
Version: 2.0.12
Check: dependencies in R code
Result: NOTE
No protocol specified
Flavor: r-oldrel-macos-x86_64
Version: 2.0.12
Check: S3 generic/method consistency
Result: WARN
No protocol specified
See section ‘Generic functions and methods’ in the ‘Writing R
Extensions’ manual.
Flavor: r-oldrel-macos-x86_64
Version: 2.0.12
Check: replacement functions
Result: WARN
No protocol specified
The argument of a replacement function which corresponds to the right
hand side must be named ‘value’.
Flavor: r-oldrel-macos-x86_64
Version: 2.0.12
Check: foreign function calls
Result: NOTE
No protocol specified
See chapter ‘System and foreign language interfaces’ in the ‘Writing R
Extensions’ manual.
Flavor: r-oldrel-macos-x86_64
Version: 2.0.12
Check: R code for possible problems
Result: NOTE
No protocol specified
Flavor: r-oldrel-macos-x86_64
Version: 2.0.12
Check: for missing documentation entries
Result: WARN
No protocol specified
All user-level objects in a package should have documentation entries.
See chapter ‘Writing R documentation files’ in the ‘Writing R
Extensions’ manual.
Flavor: r-oldrel-macos-x86_64
Version: 2.0.12
Check: for code/documentation mismatches
Result: WARN
No protocol specified
No protocol specified
No protocol specified
Flavor: r-oldrel-macos-x86_64
Version: 2.0.12
Check: Rd \usage sections
Result: NOTE
No protocol specified
The \usage entries for S3 methods should use the \method markup and not
their full name.
See chapter ‘Writing R documentation files’ in the ‘Writing R
Extensions’ manual.
Flavor: r-oldrel-macos-x86_64