CRAN Package Check Results for Package homals

Last updated on 2020-09-19 03:49:45 CEST.

Flavor Version Tinstall Tcheck Ttotal Status Flags
r-devel-linux-x86_64-debian-clang 1.0-8 6.74 68.66 75.40 OK
r-devel-linux-x86_64-debian-gcc 1.0-8 5.80 52.24 58.04 OK
r-devel-linux-x86_64-fedora-clang 1.0-8 101.94 OK
r-devel-linux-x86_64-fedora-gcc 1.0-8 91.93 OK
r-devel-windows-ix86+x86_64 1.0-8 14.00 90.00 104.00 OK
r-patched-linux-x86_64 1.0-8 7.02 67.66 74.68 OK
r-patched-solaris-x86 1.0-8 122.00 OK
r-release-linux-x86_64 1.0-8 6.81 67.64 74.45 OK
r-release-macos-x86_64 1.0-8 OK
r-release-windows-ix86+x86_64 1.0-8 15.00 68.00 83.00 OK
r-oldrel-macos-x86_64 1.0-8 WARN
r-oldrel-windows-ix86+x86_64 1.0-8 9.00 84.00 93.00 OK

Check Details

Version: 1.0-8
Check: whether package can be installed
Result: WARN
    Found the following significant warnings:
     Warning: 'rgl_init' failed, running with rgl.useNULL = TRUE
Flavor: r-oldrel-macos-x86_64