CRAN Package Check Results for Package healthyR

Last updated on 2021-05-07 03:47:06 CEST.

Flavor Version Tinstall Tcheck Ttotal Status Flags
r-devel-linux-x86_64-debian-clang 0.1.2 8.45 71.37 79.82 OK
r-devel-linux-x86_64-debian-gcc 0.1.2 6.17 53.78 59.95 OK
r-devel-linux-x86_64-fedora-clang 0.1.2 108.27 NOTE
r-devel-linux-x86_64-fedora-gcc 0.1.2 100.26 OK
r-devel-windows-ix86+x86_64 0.1.2 34.00 100.00 134.00 NOTE
r-devel-windows-x86_64-gcc10-UCRT 0.1.2 OK
r-patched-linux-x86_64 0.1.2 7.46 68.49 75.95 OK
r-patched-solaris-x86 0.1.2 142.80 WARN
r-release-linux-x86_64 0.1.2 6.68 68.67 75.35 OK
r-release-macos-x86_64 0.1.2 WARN
r-release-windows-ix86+x86_64 0.1.2 14.00 72.00 86.00 NOTE
r-oldrel-macos-x86_64 0.1.2 WARN
r-oldrel-windows-ix86+x86_64 0.1.2 13.00 95.00 108.00 NOTE

Check Details

Version: 0.1.2
Check: installed package size
Result: NOTE
     installed size is 5.7Mb
     sub-directories of 1Mb or more:
     data 1.5Mb
     doc 3.5Mb
Flavors: r-devel-linux-x86_64-fedora-clang, r-devel-windows-ix86+x86_64, r-patched-solaris-x86, r-release-macos-x86_64, r-release-windows-ix86+x86_64, r-oldrel-macos-x86_64, r-oldrel-windows-ix86+x86_64

Version: 0.1.2
Check: re-building of vignette outputs
Result: WARN
    Error(s) in re-building vignettes:
     ...
    --- re-building ‘getting-started.Rmd’ using rmarkdown
    Warning in engine$weave(file, quiet = quiet, encoding = enc) :
     Pandoc (>= 1.12.3) not available. Falling back to R Markdown v1.
    Quitting from lines 86-93 (getting-started.Rmd)
    Error: processing vignette 'getting-started.Rmd' failed with diagnostics:
    there is no package called 'webshot'
    --- failed re-building ‘getting-started.Rmd’
    
    SUMMARY: processing the following file failed:
     ‘getting-started.Rmd’
    
    Error: Vignette re-building failed.
    Execution halted
Flavor: r-patched-solaris-x86

Version: 0.1.2
Check: re-building of vignette outputs
Result: WARN
    Error(s) in re-building vignettes:
     ...
    --- re-building ‘getting-started.Rmd’ using rmarkdown
    Warning in engine$weave(file, quiet = quiet, encoding = enc) :
     Pandoc (>= 1.12.3) and/or pandoc-citeproc not available. Falling back to R Markdown v1.
    PhantomJS not found. You can install it with webshot::install_phantomjs(). If it is installed, please make sure the phantomjs executable can be found via the PATH variable.
    Quitting from lines 86-93 (getting-started.Rmd)
    Error: processing vignette 'getting-started.Rmd' failed with diagnostics:
    invalid 'path' argument
    --- failed re-building ‘getting-started.Rmd’
    
    SUMMARY: processing the following file failed:
     ‘getting-started.Rmd’
    
    Error: Vignette re-building failed.
    Execution halted
Flavors: r-release-macos-x86_64, r-oldrel-macos-x86_64