CRAN Package Check Results for Package grapherator

Last updated on 2021-02-26 02:49:32 CET.

Flavor Version Tinstall Tcheck Ttotal Status Flags
r-devel-linux-x86_64-debian-clang 1.0.0 10.69 114.20 124.89 OK
r-devel-linux-x86_64-debian-gcc 1.0.0 8.40 84.89 93.29 OK
r-devel-linux-x86_64-fedora-clang 1.0.0 154.13 NOTE
r-devel-linux-x86_64-fedora-gcc 1.0.0 144.94 NOTE
r-devel-windows-ix86+x86_64 1.0.0 18.00 98.00 116.00 OK
r-patched-linux-x86_64 1.0.0 10.96 105.62 116.58 OK
r-patched-solaris-x86 1.0.0 207.00 NOTE
r-release-linux-x86_64 1.0.0 9.16 109.25 118.41 OK
r-release-macos-x86_64 1.0.0 NOTE
r-release-windows-ix86+x86_64 1.0.0 27.00 142.00 169.00 OK
r-oldrel-macos-x86_64 1.0.0 NOTE
r-oldrel-windows-ix86+x86_64 1.0.0 16.00 132.00 148.00 OK

Check Details

Version: 1.0.0
Check: dependencies in R code
Result: NOTE
    Namespace in Imports field not imported from: ‘reshape2’
     All declared Imports should be used.
Flavors: r-devel-linux-x86_64-fedora-clang, r-devel-linux-x86_64-fedora-gcc, r-patched-solaris-x86, r-release-macos-x86_64, r-oldrel-macos-x86_64