Last updated on 2023-05-30 16:00:33 CEST.
Flavor | Version | Tinstall | Tcheck | Ttotal | Status | Flags |
---|---|---|---|---|---|---|
r-devel-linux-x86_64-debian-clang | 3.2.0 | 18.51 | 229.58 | 248.09 | OK | |
r-devel-linux-x86_64-debian-gcc | 3.2.0 | 16.93 | 174.30 | 191.23 | OK | |
r-devel-linux-x86_64-fedora-clang | 3.2.0 | 309.34 | NOTE | |||
r-devel-linux-x86_64-fedora-gcc | 3.2.0 | 293.32 | OK | |||
r-devel-windows-x86_64 | 3.2.0 | 20.00 | 193.00 | 213.00 | NOTE | |
r-patched-linux-x86_64 | 3.2.0 | 28.27 | 217.07 | 245.34 | OK | |
r-release-linux-x86_64 | 3.2.0 | 15.06 | 219.97 | 235.03 | OK | |
r-release-macos-arm64 | 3.2.0 | 67.00 | NOTE | |||
r-release-macos-x86_64 | 3.0.1 | 140.00 | OK | |||
r-release-windows-x86_64 | 3.2.0 | 25.00 | 254.00 | 279.00 | NOTE | |
r-oldrel-macos-arm64 | 3.2.0 | 78.00 | NOTE | |||
r-oldrel-macos-x86_64 | 3.2.0 | 110.00 | NOTE | |||
r-oldrel-windows-x86_64 | 3.2.0 | 25.00 | 218.00 | 243.00 | NOTE |
Version: 3.2.0
Check: installed package size
Result: NOTE
installed size is 5.5Mb
sub-directories of 1Mb or more:
help 5.2Mb
Flavors: r-devel-linux-x86_64-fedora-clang, r-devel-windows-x86_64, r-release-macos-arm64, r-release-windows-x86_64, r-oldrel-macos-arm64, r-oldrel-macos-x86_64, r-oldrel-windows-x86_64
Version: 3.2.0
Check: Rd cross-references
Result: NOTE
Undeclared package ‘gratia’ in Rd xrefs
Flavor: r-devel-linux-x86_64-fedora-clang