CRAN Package Check Results for Package glmmML

Last updated on 2020-11-29 02:46:36 CET.

Flavor Version Tinstall Tcheck Ttotal Status Flags
r-devel-linux-x86_64-debian-clang 1.1.1 8.09 36.36 44.45 OK
r-devel-linux-x86_64-debian-gcc 1.1.1 6.72 29.92 36.64 OK
r-devel-linux-x86_64-fedora-clang 1.1.1 59.01 NOTE
r-devel-linux-x86_64-fedora-gcc 1.1.1 49.13 OK
r-devel-windows-ix86+x86_64 1.1.1 19.00 73.00 92.00 OK
r-patched-linux-x86_64 1.1.1 8.85 38.94 47.79 OK
r-patched-solaris-x86 1.1.1 71.70 OK
r-release-linux-x86_64 1.1.1 8.94 33.71 42.65 OK
r-release-macos-x86_64 1.1.1 OK
r-release-windows-ix86+x86_64 1.1.1 20.00 60.00 80.00 OK
r-oldrel-macos-x86_64 1.1.1 OK
r-oldrel-windows-ix86+x86_64 1.1.1 17.00 73.00 90.00 OK

Check Details

Version: 1.1.1
Check: Rd cross-references
Result: NOTE
    Undeclared package ‘lme4’ in Rd xrefs
Flavor: r-devel-linux-x86_64-fedora-clang