Last updated on 2021-02-26 02:49:31 CET.
Flavor | Version | Tinstall | Tcheck | Ttotal | Status | Flags |
---|---|---|---|---|---|---|
r-devel-linux-x86_64-debian-clang | 0.2.5 | 57.14 | 237.23 | 294.37 | OK | |
r-devel-linux-x86_64-debian-gcc | 0.2.5 | 40.54 | 173.21 | 213.75 | OK | |
r-devel-linux-x86_64-fedora-clang | 0.2.5 | 367.97 | NOTE | |||
r-devel-linux-x86_64-fedora-gcc | 0.2.5 | 349.74 | NOTE | |||
r-devel-windows-ix86+x86_64 | 0.2.5 | 98.00 | 280.00 | 378.00 | OK | |
r-patched-linux-x86_64 | 0.2.5 | 47.16 | 219.12 | 266.28 | OK | |
r-patched-solaris-x86 | 0.2.5 | 448.30 | NOTE | |||
r-release-linux-x86_64 | 0.2.5 | 46.92 | 220.92 | 267.84 | OK | |
r-release-macos-x86_64 | 0.2.5 | NOTE | ||||
r-release-windows-ix86+x86_64 | 0.2.5 | 129.00 | 410.00 | 539.00 | OK | |
r-oldrel-macos-x86_64 | 0.2.5 | NOTE | ||||
r-oldrel-windows-ix86+x86_64 | 0.2.5 | 97.00 | 360.00 | 457.00 | OK |
Version: 0.2.5
Check: dependencies in R code
Result: NOTE
Namespaces in Imports field not imported from:
‘Rcpp’ ‘readr’
All declared Imports should be used.
Flavors: r-devel-linux-x86_64-fedora-clang, r-devel-linux-x86_64-fedora-gcc, r-patched-solaris-x86, r-release-macos-x86_64, r-oldrel-macos-x86_64