Last updated on 2025-01-26 02:49:19 CET.
Flavor | Version | Tinstall | Tcheck | Ttotal | Status | Flags |
---|---|---|---|---|---|---|
r-devel-linux-x86_64-debian-clang | 1.4.5 | 37.24 | 112.96 | 150.20 | NOTE | |
r-devel-linux-x86_64-debian-gcc | 1.4.5 | 25.93 | 82.31 | 108.24 | NOTE | |
r-devel-linux-x86_64-fedora-clang | 1.4.5 | 261.06 | OK | |||
r-devel-linux-x86_64-fedora-gcc | 1.4.5 | 254.99 | OK | |||
r-devel-windows-x86_64 | 1.4.5 | 47.00 | 136.00 | 183.00 | OK | |
r-patched-linux-x86_64 | 1.4.5 | 38.10 | 106.02 | 144.12 | OK | |
r-release-linux-x86_64 | 1.4.5 | 35.44 | 104.30 | 139.74 | OK | |
r-release-macos-arm64 | 1.4.5 | 70.00 | OK | |||
r-release-macos-x86_64 | 1.4.5 | 121.00 | OK | |||
r-release-windows-x86_64 | 1.4.5 | 43.00 | 134.00 | 177.00 | OK | |
r-oldrel-macos-arm64 | 1.4.5 | 74.00 | OK | |||
r-oldrel-macos-x86_64 | 1.4.5 | 114.00 | OK | |||
r-oldrel-windows-x86_64 | 1.4.5 | 51.00 | 170.00 | 221.00 | OK |
Version: 1.4.5
Check: for unstated dependencies in ‘demo’
Result: NOTE
'library' or 'require' call not declared from: ‘Rgraphviz’
Flavors: r-devel-linux-x86_64-debian-clang, r-devel-linux-x86_64-debian-gcc