CRAN Package Check Results for Package fechner

Last updated on 2020-09-22 03:49:22 CEST.

Flavor Version Tinstall Tcheck Ttotal Status Flags
r-devel-linux-x86_64-debian-clang 1.0-3 3.30 30.02 33.32 OK
r-devel-linux-x86_64-debian-gcc 1.0-3 0.37 1.94 2.31 ERROR
r-devel-linux-x86_64-fedora-clang 1.0-3 50.45 NOTE
r-devel-linux-x86_64-fedora-gcc 1.0-3 40.90 NOTE
r-devel-windows-ix86+x86_64 1.0-3 9.00 46.00 55.00 OK
r-patched-linux-x86_64 1.0-3 2.85 30.78 33.63 OK
r-patched-solaris-x86 1.0-3 56.60 OK
r-release-linux-x86_64 1.0-3 2.89 30.35 33.24 OK
r-release-macos-x86_64 1.0-3 OK
r-release-windows-ix86+x86_64 1.0-3 9.00 45.00 54.00 OK
r-oldrel-macos-x86_64 1.0-3 OK
r-oldrel-windows-ix86+x86_64 1.0-3 7.00 56.00 63.00 OK

Check Details

Version: 1.0-3
Check: whether package can be installed
Result: ERROR
    Installation failed.
Flavor: r-devel-linux-x86_64-debian-gcc

Version: 1.0-3
Check: compiled code
Result: NOTE
    File ‘fechner/libs/fechner.so’:
     Found no calls to: ‘R_registerRoutines’, ‘R_useDynamicSymbols’
    
    It is good practice to register native routines and to disable symbol
    search.
    
    See ‘Writing portable packages’ in the ‘Writing R Extensions’ manual.
Flavors: r-devel-linux-x86_64-fedora-clang, r-devel-linux-x86_64-fedora-gcc