CRAN Package Check Results for Package fcuk

Last updated on 2024-05-28 15:49:02 CEST.

Flavor Version Tinstall Tcheck Ttotal Status Flags
r-devel-linux-x86_64-debian-clang 0.1.21 4.64 45.18 49.82 NOTE
r-devel-linux-x86_64-debian-gcc 0.1.21 3.19 34.78 37.97 NOTE
r-devel-linux-x86_64-fedora-clang 0.1.21 65.51 NOTE
r-devel-linux-x86_64-fedora-gcc 0.1.21 98.97 NOTE
r-devel-windows-x86_64 0.1.21 4.00 56.00 60.00 NOTE
r-patched-linux-x86_64 0.1.21 4.22 44.04 48.26 NOTE
r-release-linux-x86_64 0.1.21 4.48 42.41 46.89 NOTE
r-release-macos-arm64 0.1.21 42.00 NOTE
r-release-windows-x86_64 0.1.21 4.00 56.00 60.00 NOTE
r-oldrel-macos-arm64 0.1.21 40.00 NOTE
r-oldrel-macos-x86_64 0.1.21 65.00 NOTE
r-oldrel-windows-x86_64 0.1.21 6.00 63.00 69.00 NOTE

Check Details

Version: 0.1.21
Check: LazyData
Result: NOTE 'LazyData' is specified without a 'data' directory Flavors: r-devel-linux-x86_64-debian-clang, r-devel-linux-x86_64-debian-gcc, r-devel-linux-x86_64-fedora-clang, r-devel-linux-x86_64-fedora-gcc, r-devel-windows-x86_64, r-patched-linux-x86_64, r-release-linux-x86_64, r-release-macos-arm64, r-release-windows-x86_64, r-oldrel-macos-arm64, r-oldrel-macos-x86_64, r-oldrel-windows-x86_64

Version: 0.1.21
Check: for non-standard things in the check directory
Result: NOTE Found the following files/directories: ‘.Rprofile’ Flavors: r-devel-linux-x86_64-debian-clang, r-devel-linux-x86_64-debian-gcc, r-devel-linux-x86_64-fedora-clang, r-devel-linux-x86_64-fedora-gcc, r-patched-linux-x86_64, r-release-linux-x86_64