CRAN Package Check Results for Package fctbases

Last updated on 2024-06-14 15:54:02 CEST.

Flavor Version Tinstall Tcheck Ttotal Status Flags
r-devel-linux-x86_64-debian-clang 1.1.1 41.31 26.70 68.01 NOTE
r-devel-linux-x86_64-debian-gcc 1.1.1 27.30 21.72 49.02 NOTE
r-devel-linux-x86_64-fedora-clang 1.1.1 94.82 NOTE
r-devel-linux-x86_64-fedora-gcc 1.1.1 94.73 NOTE
r-devel-windows-x86_64 1.1.1 30.00 63.00 93.00 NOTE
r-patched-linux-x86_64 1.1.1 32.09 27.55 59.64 NOTE
r-release-linux-x86_64 1.1.1 28.20 27.48 55.68 NOTE
r-release-macos-arm64 1.1.1 27.00 NOTE
r-release-macos-x86_64 1.1.1 36.00 NOTE
r-release-windows-x86_64 1.1.1 31.00 66.00 97.00 NOTE
r-oldrel-macos-arm64 1.1.1 27.00 NOTE
r-oldrel-macos-x86_64 1.1.1 40.00 NOTE
r-oldrel-windows-x86_64 1.1.1 37.00 74.00 111.00 NOTE

Check Details

Version: 1.1.1
Check: C++ specification
Result: NOTE Specified C++11: please drop specification unless essential Flavors: r-devel-linux-x86_64-debian-clang, r-devel-linux-x86_64-debian-gcc, r-devel-linux-x86_64-fedora-clang, r-devel-linux-x86_64-fedora-gcc, r-devel-windows-x86_64, r-patched-linux-x86_64, r-release-linux-x86_64, r-release-macos-arm64, r-release-macos-x86_64, r-release-windows-x86_64, r-oldrel-macos-arm64, r-oldrel-macos-x86_64, r-oldrel-windows-x86_64