CRAN Package Check Results for Package fctbases

Last updated on 2025-01-26 02:49:17 CET.

Flavor Version Tinstall Tcheck Ttotal Status Flags
r-devel-linux-x86_64-debian-clang 1.1.1 22.97 21.86 44.83 NOTE
r-devel-linux-x86_64-debian-gcc 1.1.1 17.55 17.67 35.22 NOTE
r-devel-linux-x86_64-fedora-clang 1.1.1 79.74 NOTE
r-devel-linux-x86_64-fedora-gcc 1.1.1 84.16 NOTE
r-devel-windows-x86_64 1.1.1 27.00 63.00 90.00 NOTE
r-patched-linux-x86_64 1.1.1 21.78 21.07 42.85 NOTE
r-release-linux-x86_64 1.1.1 24.01 21.13 45.14 NOTE
r-release-macos-arm64 1.1.1 27.00 NOTE
r-release-macos-x86_64 1.1.1 36.00 NOTE
r-release-windows-x86_64 1.1.1 26.00 70.00 96.00 NOTE
r-oldrel-macos-arm64 1.1.1 27.00 NOTE
r-oldrel-macos-x86_64 1.1.1 40.00 NOTE
r-oldrel-windows-x86_64 1.1.1 30.00 71.00 101.00 NOTE

Check Details

Version: 1.1.1
Check: C++ specification
Result: NOTE Specified C++11: please drop specification unless essential Flavors: r-devel-linux-x86_64-debian-clang, r-devel-linux-x86_64-debian-gcc, r-devel-linux-x86_64-fedora-clang, r-devel-linux-x86_64-fedora-gcc, r-devel-windows-x86_64, r-patched-linux-x86_64, r-release-linux-x86_64, r-release-macos-arm64, r-release-macos-x86_64, r-release-windows-x86_64, r-oldrel-macos-arm64, r-oldrel-macos-x86_64, r-oldrel-windows-x86_64