CRAN Package Check Results for Package esaBcv

Last updated on 2020-09-22 03:49:21 CEST.

Flavor Version Tinstall Tcheck Ttotal Status Flags
r-devel-linux-x86_64-debian-clang 1.2.1 2.98 25.10 28.08 NOTE
r-devel-linux-x86_64-debian-gcc 1.2.1 0.32 1.82 2.14 ERROR
r-devel-linux-x86_64-fedora-clang 1.2.1 43.31 NOTE
r-devel-linux-x86_64-fedora-gcc 1.2.1 34.09 NOTE
r-devel-windows-ix86+x86_64 1.2.1 6.00 39.00 45.00 NOTE
r-patched-linux-x86_64 1.2.1 2.98 25.52 28.50 NOTE
r-patched-solaris-x86 1.2.1 53.90 NOTE
r-release-linux-x86_64 1.2.1 2.98 24.96 27.94 NOTE
r-release-macos-x86_64 1.2.1 NOTE
r-release-windows-ix86+x86_64 1.2.1 6.00 35.00 41.00 NOTE
r-oldrel-macos-x86_64 1.2.1 NOTE
r-oldrel-windows-ix86+x86_64 1.2.1 4.00 42.00 46.00 NOTE

Check Details

Version: 1.2.1
Check: R code for possible problems
Result: NOTE
    ESA: no visible binding for global variable 'var'
    plot.esabcv: no visible global function definition for 'points'
    plot.esabcv: no visible global function definition for 'axis'
    plot.esabcv: no visible global function definition for 'title'
    Undefined global functions or variables:
     axis points title var
    Consider adding
     importFrom("graphics", "axis", "points", "title")
     importFrom("stats", "var")
    to your NAMESPACE file.
Flavors: r-devel-linux-x86_64-debian-clang, r-devel-linux-x86_64-fedora-clang, r-devel-linux-x86_64-fedora-gcc, r-devel-windows-ix86+x86_64, r-patched-linux-x86_64, r-patched-solaris-x86, r-release-linux-x86_64, r-release-macos-x86_64, r-release-windows-ix86+x86_64

Version: 1.2.1
Check: whether package can be installed
Result: ERROR
    Installation failed.
Flavor: r-devel-linux-x86_64-debian-gcc

Version: 1.2.1
Check: R code for possible problems
Result: NOTE
    ESA: no visible binding for global variable ‘var’
    plot.esabcv: no visible global function definition for ‘plot’
    plot.esabcv: no visible global function definition for ‘points’
    plot.esabcv: no visible global function definition for ‘axis’
    plot.esabcv: no visible global function definition for ‘title’
    Undefined global functions or variables:
     axis plot points title var
    Consider adding
     importFrom("graphics", "axis", "plot", "points", "title")
     importFrom("stats", "var")
    to your NAMESPACE file.
Flavors: r-oldrel-macos-x86_64, r-oldrel-windows-ix86+x86_64