CRAN Package Check Results for Package equate

Last updated on 2020-09-22 03:49:21 CEST.

Flavor Version Tinstall Tcheck Ttotal Status Flags
r-devel-linux-x86_64-debian-clang 2.0.7 5.74 90.99 96.73 NOTE
r-devel-linux-x86_64-debian-gcc 2.0.7 0.37 2.07 2.44 ERROR
r-devel-linux-x86_64-fedora-clang 2.0.7 123.75 NOTE
r-devel-linux-x86_64-fedora-gcc 2.0.7 113.96 NOTE
r-devel-windows-ix86+x86_64 2.0.7 11.00 98.00 109.00 NOTE
r-patched-linux-x86_64 2.0.7 5.83 87.88 93.71 NOTE
r-patched-solaris-x86 2.0.7 150.30 NOTE
r-release-linux-x86_64 2.0.7 5.68 89.25 94.93 NOTE
r-release-macos-x86_64 2.0.7 NOTE
r-release-windows-ix86+x86_64 2.0.7 11.00 100.00 111.00 NOTE
r-oldrel-macos-x86_64 2.0.7 NOTE
r-oldrel-windows-ix86+x86_64 2.0.7 9.00 125.00 134.00 NOTE

Check Details

Version: 2.0.7
Check: files in ‘vignettes’
Result: NOTE
    The following files contain a license that requires
    distribution of original sources:
     'upgreek.sty'
    Please ensure that you have complied with it.
Flavors: r-devel-linux-x86_64-debian-clang, r-devel-linux-x86_64-fedora-clang, r-devel-linux-x86_64-fedora-gcc, r-devel-windows-ix86+x86_64, r-patched-linux-x86_64, r-patched-solaris-x86, r-release-linux-x86_64, r-release-macos-x86_64, r-release-windows-ix86+x86_64, r-oldrel-macos-x86_64, r-oldrel-windows-ix86+x86_64

Version: 2.0.7
Check: whether package can be installed
Result: ERROR
    Installation failed.
Flavor: r-devel-linux-x86_64-debian-gcc