CRAN Package Check Results for Package equaltestMI

Last updated on 2020-10-20 03:48:02 CEST.

Flavor Version Tinstall Tcheck Ttotal Status Flags
r-devel-linux-x86_64-debian-clang 0.6.0 4.86 46.06 50.92 OK
r-devel-linux-x86_64-debian-gcc 0.6.0 3.60 34.96 38.56 OK
r-devel-linux-x86_64-fedora-clang 0.6.0 66.75 NOTE
r-devel-linux-x86_64-fedora-gcc 0.6.0 57.40 OK
r-devel-windows-ix86+x86_64 0.6.0 8.00 48.00 56.00 OK
r-patched-linux-x86_64 0.6.0 4.43 41.99 46.42 OK
r-patched-solaris-x86 0.6.0 80.80 OK
r-release-linux-x86_64 0.6.0 3.50 42.86 46.36 OK
r-release-macos-x86_64 0.6.0 OK
r-release-windows-ix86+x86_64 0.6.0 7.00 49.00 56.00 OK
r-oldrel-macos-x86_64 0.6.0 OK
r-oldrel-windows-ix86+x86_64 0.6.0 7.00 58.00 65.00 OK

Check Details

Version: 0.6.0
Check: Rd cross-references
Result: NOTE
    Undeclared package ‘OpenMx’ in Rd xrefs
Flavor: r-devel-linux-x86_64-fedora-clang