CRAN Package Check Results for Package emmeans

Last updated on 2020-10-31 02:51:15 CET.

Flavor Version Tinstall Tcheck Ttotal Status Flags
r-devel-linux-x86_64-debian-clang 1.5.2-1 15.40 237.91 253.31 OK
r-devel-linux-x86_64-debian-gcc 1.5.2-1 10.77 176.62 187.39 OK
r-devel-linux-x86_64-fedora-clang 1.5.2-1 317.21 OK
r-devel-linux-x86_64-fedora-gcc 1.5.2-1 312.36 OK
r-devel-windows-ix86+x86_64 1.5.2-1 35.00 285.00 320.00 OK
r-patched-linux-x86_64 1.5.2-1 11.99 220.15 232.14 NOTE
r-patched-solaris-x86 1.5.2-1 368.50 OK
r-release-linux-x86_64 1.5.2-1 12.91 220.32 233.23 OK
r-release-macos-x86_64 1.5.2-1 OK
r-release-windows-ix86+x86_64 1.5.2-1 26.00 232.00 258.00 OK
r-oldrel-macos-x86_64 1.5.2-1 OK
r-oldrel-windows-ix86+x86_64 1.5.2-1 27.00 275.00 302.00 OK

Check Details

Version: 1.5.2-1
Check: package dependencies
Result: NOTE
    Package which this enhances but not available for checking: ‘rstanarm’
Flavor: r-patched-linux-x86_64