Last updated on 2023-06-06 04:00:39 CEST.
Flavor | Version | Tinstall | Tcheck | Ttotal | Status | Flags |
---|---|---|---|---|---|---|
r-devel-linux-x86_64-debian-clang | 1.1.1 | 18.61 | 263.54 | 282.15 | OK | |
r-devel-linux-x86_64-debian-gcc | 1.1.1 | 14.64 | 197.41 | 212.05 | OK | |
r-devel-linux-x86_64-fedora-clang | 1.1.1 | 356.55 | NOTE | |||
r-devel-linux-x86_64-fedora-gcc | 1.1.1 | 326.80 | OK | |||
r-devel-windows-x86_64 | 1.1.1 | 17.00 | 243.00 | 260.00 | OK | |
r-patched-linux-x86_64 | 1.1.1 | 23.57 | 251.87 | 275.44 | OK | |
r-release-linux-x86_64 | 1.1.1 | 18.47 | 250.51 | 268.98 | OK | |
r-release-macos-arm64 | 1.1.1 | 98.00 | OK | |||
r-release-macos-x86_64 | 1.1.0 | 216.00 | OK | |||
r-release-windows-x86_64 | 1.1.1 | 22.00 | 287.00 | 309.00 | OK | |
r-oldrel-macos-arm64 | 1.1.1 | 100.00 | OK | |||
r-oldrel-macos-x86_64 | 1.1.1 | 153.00 | OK | |||
r-oldrel-windows-x86_64 | 1.1.1 | 22.00 | 291.00 | 313.00 | OK |
Version: 1.1.1
Check: Rd cross-references
Result: NOTE
Undeclared package ‘textrecipes’ in Rd xrefs
Flavor: r-devel-linux-x86_64-fedora-clang