CRAN Package Check Results for Package emIRT

Last updated on 2020-09-22 03:49:21 CEST.

Flavor Version Tinstall Tcheck Ttotal Status Flags
r-devel-linux-x86_64-debian-clang 0.0.11 1060.76 40.85 1101.61 OK
r-devel-linux-x86_64-debian-gcc 0.0.11 0.53 2.15 2.68 ERROR
r-devel-linux-x86_64-fedora-clang 0.0.11 1654.48 NOTE
r-devel-linux-x86_64-fedora-gcc 0.0.11 1476.01 OK
r-devel-windows-ix86+x86_64 0.0.11 2540.00 100.00 2640.00 NOTE
r-patched-linux-x86_64 0.0.11 794.11 40.79 834.90 OK
r-patched-solaris-x86 0.0.11 1054.70 OK
r-release-linux-x86_64 0.0.11 799.75 41.15 840.90 OK
r-release-macos-x86_64 0.0.11 NOTE
r-release-windows-ix86+x86_64 0.0.11 2578.00 91.00 2669.00 NOTE
r-oldrel-macos-x86_64 0.0.11 NOTE
r-oldrel-windows-ix86+x86_64 0.0.11 1648.00 114.00 1762.00 NOTE

Check Details

Version: 0.0.11
Check: whether package can be installed
Result: ERROR
    Installation failed.
Flavor: r-devel-linux-x86_64-debian-gcc

Version: 0.0.11
Check: installed package size
Result: NOTE
     installed size is 20.8Mb
     sub-directories of 1Mb or more:
     data 2.0Mb
     libs 18.5Mb
Flavors: r-devel-linux-x86_64-fedora-clang, r-devel-windows-ix86+x86_64, r-release-macos-x86_64, r-release-windows-ix86+x86_64, r-oldrel-macos-x86_64, r-oldrel-windows-ix86+x86_64

Version: 0.0.11
Check: Rd cross-references
Result: NOTE
    Undeclared package ‘MCMCpack’ in Rd xrefs
Flavor: r-devel-linux-x86_64-fedora-clang