CRAN Package Check Results for Package ei

Last updated on 2020-11-26 02:49:26 CET.

Flavor Version Tinstall Tcheck Ttotal Status Flags
r-devel-linux-x86_64-debian-clang 1.3-3 13.46 127.35 140.81 OK
r-devel-linux-x86_64-debian-gcc 1.3-3 11.56 94.55 106.11 OK
r-devel-linux-x86_64-fedora-clang 1.3-3 174.88 OK
r-devel-linux-x86_64-fedora-gcc 1.3-3 167.80 OK
r-devel-windows-ix86+x86_64 1.3-3 26.00 150.00 176.00 OK
r-patched-linux-x86_64 1.3-3 15.08 118.94 134.02 OK
r-patched-solaris-x86 1.3-3 228.80 OK
r-release-linux-x86_64 1.3-3 15.55 119.08 134.63 OK
r-release-macos-x86_64 1.3-3 OK
r-release-windows-ix86+x86_64 1.3-3 28.00 108.00 136.00 OK
r-oldrel-macos-x86_64 1.3-3 FAIL
r-oldrel-windows-ix86+x86_64 1.3-3 17.00 122.00 139.00 OK

Check Details

Version: 1.3-3
Check: dependencies in R code
Result: FAIL
Flavor: r-oldrel-macos-x86_64