CRAN Package Check Results for Package edstan

Last updated on 2020-09-22 03:49:20 CEST.

Flavor Version Tinstall Tcheck Ttotal Status Flags
r-devel-linux-x86_64-debian-clang 1.0.6 9.38 72.37 81.75 OK
r-devel-linux-x86_64-debian-gcc 1.0.6 0.28 2.14 2.42 ERROR
r-devel-linux-x86_64-fedora-clang 1.0.6 108.04 OK
r-devel-linux-x86_64-fedora-gcc 1.0.6 98.86 OK
r-devel-windows-ix86+x86_64 1.0.6 23.00 85.00 108.00 OK
r-patched-linux-x86_64 1.0.6 6.87 69.08 75.95 OK
r-patched-solaris-x86 1.0.6 144.00 OK
r-release-linux-x86_64 1.0.6 5.70 68.70 74.40 OK
r-release-macos-x86_64 1.0.6 OK
r-release-windows-ix86+x86_64 1.0.6 23.00 103.00 126.00 OK
r-oldrel-macos-x86_64 1.0.6 OK
r-oldrel-windows-ix86+x86_64 1.0.6 15.00 106.00 121.00 OK

Check Details

Version: 1.0.6
Check: whether package can be installed
Result: ERROR
    Installation failed.
Flavor: r-devel-linux-x86_64-debian-gcc