CRAN Package Check Results for Package discnorm

Last updated on 2021-01-21 02:47:52 CET.

Flavor Version Tinstall Tcheck Ttotal Status Flags
r-devel-linux-x86_64-debian-clang 0.1.0 2.13 54.70 56.83 OK
r-devel-linux-x86_64-debian-gcc 0.1.0 1.59 41.94 43.53 OK
r-devel-linux-x86_64-fedora-clang 0.1.0 79.23 NOTE
r-devel-linux-x86_64-fedora-gcc 0.1.0 67.68 NOTE
r-devel-windows-ix86+x86_64 0.1.0 5.00 68.00 73.00 OK
r-patched-linux-x86_64 0.1.0 2.13 54.24 56.37 OK
r-patched-solaris-x86 0.1.0 92.60 NOTE
r-release-linux-x86_64 0.1.0 2.07 53.09 55.16 OK
r-release-macos-x86_64 0.1.0 NOTE
r-release-windows-ix86+x86_64 0.1.0 35.00 76.00 111.00 OK
r-oldrel-macos-x86_64 0.1.0 NOTE
r-oldrel-windows-ix86+x86_64 0.1.0 3.00 57.00 60.00 OK

Check Details

Version: 0.1.0
Check: dependencies in R code
Result: NOTE
    Namespace in Imports field not imported from: ‘psych’
     All declared Imports should be used.
Flavors: r-devel-linux-x86_64-fedora-clang, r-devel-linux-x86_64-fedora-gcc, r-patched-solaris-x86, r-release-macos-x86_64, r-oldrel-macos-x86_64