CRAN Package Check Results for Package dexterMST

Last updated on 2020-09-22 03:49:19 CEST.

Flavor Version Tinstall Tcheck Ttotal Status Flags
r-devel-linux-x86_64-debian-clang 0.9.0 68.16 136.47 204.63 OK
r-devel-linux-x86_64-debian-gcc 0.9.0 0.37 2.44 2.81 ERROR
r-devel-linux-x86_64-fedora-clang 0.9.0 257.77 OK
r-devel-linux-x86_64-fedora-gcc 0.9.0 241.41 OK
r-devel-windows-ix86+x86_64 0.9.0 140.00 199.00 339.00 OK
r-patched-linux-x86_64 0.9.0 50.13 129.69 179.82 OK
r-patched-solaris-x86 0.9.0 419.80 OK
r-release-linux-x86_64 0.9.0 50.54 130.38 180.92 OK
r-release-macos-x86_64 0.9.0 OK
r-release-windows-ix86+x86_64 0.9.0 137.00 239.00 376.00 OK
r-oldrel-macos-x86_64 0.9.0 OK
r-oldrel-windows-ix86+x86_64 0.9.0 88.00 210.00 298.00 OK

Check Details

Version: 0.9.0
Check: whether package can be installed
Result: ERROR
    Installation failed.
Flavor: r-devel-linux-x86_64-debian-gcc