CRAN Package Check Results for Package coxmeg

Last updated on 2020-11-26 02:49:25 CET.

Flavor Version Tinstall Tcheck Ttotal Status Flags
r-devel-linux-x86_64-debian-clang 1.0.12 117.82 460.65 578.47 OK
r-devel-linux-x86_64-debian-gcc 1.0.12 141.81 365.02 506.83 OK
r-devel-linux-x86_64-fedora-clang 1.0.12 767.78 NOTE
r-devel-linux-x86_64-fedora-gcc 1.0.12 711.70 NOTE
r-devel-windows-ix86+x86_64 1.0.12 254.00 595.00 849.00 OK
r-patched-linux-x86_64 1.0.12 172.80 444.21 617.01 OK
r-release-linux-x86_64 1.0.12 171.91 455.16 627.07 OK
r-release-macos-x86_64 1.0.12 NOTE
r-release-windows-ix86+x86_64 1.0.11 258.00 518.00 776.00 OK
r-oldrel-macos-x86_64 1.0.12 NOTE
r-oldrel-windows-ix86+x86_64 1.0.12 216.00 528.00 744.00 OK

Check Details

Version: 1.0.12
Check: installed package size
Result: NOTE
     installed size is 18.8Mb
     sub-directories of 1Mb or more:
     libs 18.2Mb
Flavors: r-devel-linux-x86_64-fedora-clang, r-release-macos-x86_64, r-oldrel-macos-x86_64

Version: 1.0.12
Check: dependencies in R code
Result: NOTE
    Namespace in Imports field not imported from: ‘coxme’
     All declared Imports should be used.
Flavors: r-devel-linux-x86_64-fedora-clang, r-devel-linux-x86_64-fedora-gcc, r-release-macos-x86_64, r-oldrel-macos-x86_64