CRAN Package Check Results for Package comparator

Last updated on 2024-06-14 15:53:59 CEST.

Flavor Version Tinstall Tcheck Ttotal Status Flags
r-devel-linux-x86_64-debian-clang 0.1.2 37.95 46.18 84.13 NOTE
r-devel-linux-x86_64-debian-gcc 0.1.2 28.14 34.27 62.41 NOTE
r-devel-linux-x86_64-fedora-clang 0.1.2 109.01 NOTE
r-devel-linux-x86_64-fedora-gcc 0.1.2 113.43 NOTE
r-devel-windows-x86_64 0.1.2 30.00 78.00 108.00 NOTE
r-patched-linux-x86_64 0.1.2 34.93 44.35 79.28 NOTE
r-release-linux-x86_64 0.1.2 34.55 43.66 78.21 NOTE
r-release-macos-arm64 0.1.2 28.00 NOTE
r-release-macos-x86_64 0.1.2 44.00 NOTE
r-release-windows-x86_64 0.1.2 27.00 77.00 104.00 NOTE
r-oldrel-macos-arm64 0.1.2 32.00 NOTE
r-oldrel-macos-x86_64 0.1.2 52.00 NOTE
r-oldrel-windows-x86_64 0.1.2 31.00 88.00 119.00 NOTE

Check Details

Version: 0.1.2
Check: C++ specification
Result: NOTE Specified C++11: please drop specification unless essential Flavors: r-devel-linux-x86_64-debian-clang, r-devel-linux-x86_64-debian-gcc, r-devel-linux-x86_64-fedora-clang, r-devel-linux-x86_64-fedora-gcc, r-devel-windows-x86_64, r-patched-linux-x86_64, r-release-linux-x86_64, r-release-macos-arm64, r-release-macos-x86_64, r-release-windows-x86_64, r-oldrel-macos-arm64, r-oldrel-macos-x86_64, r-oldrel-windows-x86_64