CRAN Package Check Results for Package combinat

Last updated on 2020-10-25 02:48:06 CET.

Flavor Version Tinstall Tcheck Ttotal Status Flags
r-devel-linux-x86_64-debian-clang 0.0-8 2.24 19.94 22.18 NOTE
r-devel-linux-x86_64-debian-gcc 0.0-8 1.63 15.63 17.26 NOTE
r-devel-linux-x86_64-fedora-clang 0.0-8 36.40 NOTE
r-devel-linux-x86_64-fedora-gcc 0.0-8 26.95 NOTE
r-devel-windows-ix86+x86_64 0.0-8 4.00 33.00 37.00 NOTE
r-patched-linux-x86_64 0.0-8 2.08 19.24 21.32 NOTE
r-patched-solaris-x86 0.0-8 40.20 NOTE
r-release-linux-x86_64 0.0-8 2.04 19.36 21.40 NOTE
r-release-macos-x86_64 0.0-8 NOTE
r-release-windows-ix86+x86_64 0.0-8 4.00 24.00 28.00 NOTE
r-oldrel-macos-x86_64 0.0-8 NOTE
r-oldrel-windows-ix86+x86_64 0.0-8 4.00 37.00 41.00 NOTE

Check Details

Version: 0.0-8
Check: DESCRIPTION meta-information
Result: NOTE
    Malformed Description field: should contain one or more complete sentences.
Flavors: r-devel-linux-x86_64-debian-clang, r-devel-linux-x86_64-debian-gcc, r-devel-linux-x86_64-fedora-clang, r-devel-linux-x86_64-fedora-gcc, r-devel-windows-ix86+x86_64, r-patched-linux-x86_64, r-patched-solaris-x86, r-release-linux-x86_64, r-release-macos-x86_64, r-release-windows-ix86+x86_64, r-oldrel-macos-x86_64, r-oldrel-windows-ix86+x86_64