CRAN Package Check Results for Package cocorresp

Last updated on 2020-09-19 03:49:40 CEST.

Flavor Version Tinstall Tcheck Ttotal Status Flags
r-devel-linux-x86_64-debian-clang 0.4-1 8.83 91.57 100.40 OK
r-devel-linux-x86_64-debian-gcc 0.4-1 8.31 69.67 77.98 OK
r-devel-linux-x86_64-fedora-clang 0.4-1 133.28 NOTE
r-devel-linux-x86_64-fedora-gcc 0.4-1 122.54 OK
r-devel-windows-ix86+x86_64 0.4-1 21.00 123.00 144.00 OK
r-patched-linux-x86_64 0.4-1 10.22 89.22 99.44 OK
r-patched-solaris-x86 0.4-1 175.60 OK
r-release-linux-x86_64 0.4-1 9.00 89.86 98.86 OK
r-release-macos-x86_64 0.4-1 OK
r-release-windows-ix86+x86_64 0.4-1 21.00 97.00 118.00 OK
r-oldrel-macos-x86_64 0.4-1 OK
r-oldrel-windows-ix86+x86_64 0.4-1 12.00 111.00 123.00 OK

Check Details

Version: 0.4-1
Check: Rd cross-references
Result: NOTE
    Undeclared package ‘pls’ in Rd xrefs
Flavor: r-devel-linux-x86_64-fedora-clang