CRAN Package Check Results for Package cocor

Last updated on 2020-09-18 03:49:35 CEST.

Flavor Version Tinstall Tcheck Ttotal Status Flags
r-devel-linux-x86_64-debian-clang 1.1-3 5.64 34.74 40.38 NOTE
r-devel-linux-x86_64-debian-gcc 1.1-3 4.12 26.87 30.99 NOTE
r-devel-linux-x86_64-fedora-clang 1.1-3 57.43 NOTE
r-devel-linux-x86_64-fedora-gcc 1.1-3 47.42 NOTE
r-devel-windows-ix86+x86_64 1.1-3 11.00 42.00 53.00 NOTE
r-patched-linux-x86_64 1.1-3 5.44 34.51 39.95 NOTE
r-patched-solaris-x86 1.1-3 65.70 NOTE
r-release-linux-x86_64 1.1-3 5.41 34.15 39.56 NOTE
r-release-macos-x86_64 1.1-3 NOTE
r-release-windows-ix86+x86_64 1.1-3 11.00 40.00 51.00 NOTE
r-oldrel-macos-x86_64 1.1-3 NOTE
r-oldrel-windows-ix86+x86_64 1.1-3 5.00 53.00 58.00 NOTE

Check Details

Version: 1.1-3
Check: package dependencies
Result: NOTE
    Package which this enhances but not available for checking: 'rkward'
Flavors: r-devel-linux-x86_64-debian-clang, r-devel-linux-x86_64-debian-gcc, r-devel-linux-x86_64-fedora-clang, r-devel-linux-x86_64-fedora-gcc, r-devel-windows-ix86+x86_64, r-patched-linux-x86_64, r-patched-solaris-x86, r-release-linux-x86_64, r-release-macos-x86_64, r-release-windows-ix86+x86_64, r-oldrel-macos-x86_64, r-oldrel-windows-ix86+x86_64