CRAN Package Check Results for Package cmcR

Last updated on 2021-04-21 03:48:54 CEST.

Flavor Version Tinstall Tcheck Ttotal Status Flags
r-devel-linux-x86_64-debian-clang 0.1.6 6.04 88.71 94.75 OK
r-devel-linux-x86_64-debian-gcc 0.1.6 5.28 67.49 72.77 OK
r-devel-linux-x86_64-fedora-clang 0.1.6 122.61 OK
r-devel-linux-x86_64-fedora-gcc 0.1.6 113.13 OK
r-devel-windows-ix86+x86_64 0.1.6 9.00 93.00 102.00 OK
r-devel-windows-x86_64-gcc10-UCRT 0.1.6 ERROR
r-patched-linux-x86_64 0.1.6 6.15 85.51 91.66 OK
r-patched-solaris-x86 0.1.6 228.40 OK
r-release-linux-x86_64 0.1.6 5.80 84.91 90.71 OK
r-release-macos-x86_64 0.1.6 OK
r-release-windows-ix86+x86_64 0.1.6 14.00 125.00 139.00 OK
r-oldrel-macos-x86_64 0.1.6 OK
r-oldrel-windows-ix86+x86_64 0.1.6 31.00 119.00 150.00 OK

Check Details

Version: 0.1.6
Check: package dependencies
Result: ERROR
    Package required but not available: 'x3ptools'
    
    Package suggested but not available for checking: 'rgl'
    
    See section 'The DESCRIPTION file' in the 'Writing R Extensions'
    manual.
Flavor: r-devel-windows-x86_64-gcc10-UCRT