Last updated on 2021-02-26 02:49:27 CET.
Flavor | Version | Tinstall | Tcheck | Ttotal | Status | Flags |
---|---|---|---|---|---|---|
r-devel-linux-x86_64-debian-clang | 0.7.0 | 17.19 | 201.99 | 219.18 | OK | |
r-devel-linux-x86_64-debian-gcc | 0.7.0 | 13.85 | 145.45 | 159.30 | OK | |
r-devel-linux-x86_64-fedora-clang | 0.7.0 | 256.01 | OK | |||
r-devel-linux-x86_64-fedora-gcc | 0.7.0 | 249.65 | OK | |||
r-devel-windows-ix86+x86_64 | 0.7.0 | 30.00 | 170.00 | 200.00 | OK | |
r-patched-linux-x86_64 | 0.7.0 | 14.82 | 183.27 | 198.09 | OK | |
r-patched-solaris-x86 | 0.7.0 | 299.20 | NOTE | |||
r-release-linux-x86_64 | 0.7.0 | 18.11 | 186.28 | 204.39 | OK | |
r-release-macos-x86_64 | 0.7.0 | OK | ||||
r-release-windows-ix86+x86_64 | 0.7.0 | 31.00 | 229.00 | 260.00 | OK | |
r-oldrel-macos-x86_64 | 0.7.0 | OK | ||||
r-oldrel-windows-ix86+x86_64 | 0.7.0 | 22.00 | 226.00 | 248.00 | OK |
Version: 0.7.0
Check: installed package size
Result: NOTE
installed size is 5.7Mb
sub-directories of 1Mb or more:
data 1.0Mb
doc 1.7Mb
help 2.3Mb
Flavor: r-patched-solaris-x86